Last updated on 2025-10-21 17:49:59 CEST.
Flavor | Version | Tinstall | Tcheck | Ttotal | Status | Flags |
---|---|---|---|---|---|---|
r-devel-linux-x86_64-debian-clang | 1.3.1 | 23.91 | 48.59 | 72.50 | NOTE | |
r-devel-linux-x86_64-debian-gcc | 1.3.1 | 17.95 | 33.28 | 51.23 | NOTE | |
r-devel-linux-x86_64-fedora-clang | 1.3.1 | 49.00 | 70.69 | 119.69 | OK | |
r-devel-linux-x86_64-fedora-gcc | 1.3.1 | 53.00 | 66.19 | 119.19 | OK | |
r-devel-windows-x86_64 | 1.3.1 | 29.00 | 80.00 | 109.00 | OK | |
r-patched-linux-x86_64 | 1.3.1 | 26.49 | 45.93 | 72.42 | OK | |
r-release-linux-x86_64 | 1.3.1 | 26.04 | 45.76 | 71.80 | OK | |
r-release-macos-arm64 | 1.3.1 | 18.00 | 27.00 | 45.00 | OK | |
r-release-macos-x86_64 | 1.3.1 | 22.00 | 40.00 | 62.00 | OK | |
r-release-windows-x86_64 | 1.3.1 | 28.00 | 80.00 | 108.00 | OK | |
r-oldrel-macos-arm64 | 1.3.1 | 13.00 | 24.00 | 37.00 | OK | |
r-oldrel-macos-x86_64 | 1.3.1 | 23.00 | 35.00 | 58.00 | OK | |
r-oldrel-windows-x86_64 | 1.3.1 | 34.00 | 97.00 | 131.00 | OK |
Version: 1.3.1
Check: CRAN incoming feasibility
Result: NOTE
Maintainer: ‘Laurence Brandenberger <lbrandenberger@ethz.ch>’
No Authors@R field in DESCRIPTION.
Please add one, modifying
Authors@R: person(given = "Laurence",
family = "Brandenberger",
role = c("aut", "cre"),
email = "lbrandenberger@ethz.ch")
as necessary.
Package CITATION file contains call(s) to old-style personList() or
as.personList(). Please use c() on person objects instead.
Package CITATION file contains call(s) to old-style citEntry(). Please
use bibentry() instead.
Flavors: r-devel-linux-x86_64-debian-clang, r-devel-linux-x86_64-debian-gcc