Last updated on 2025-10-23 05:52:05 CEST.
Flavor | Version | Tinstall | Tcheck | Ttotal | Status | Flags |
---|---|---|---|---|---|---|
r-devel-linux-x86_64-debian-clang | 1.0.2 | 14.62 | 178.77 | 193.39 | NOTE | |
r-devel-linux-x86_64-debian-gcc | 1.0.2 | 10.14 | 120.07 | 130.21 | NOTE | |
r-devel-linux-x86_64-fedora-clang | 1.0.2 | 213.00 | 123.96 | 336.96 | OK | |
r-devel-linux-x86_64-fedora-gcc | 1.0.2 | 34.00 | 267.73 | 301.73 | OK | |
r-devel-windows-x86_64 | 1.0.2 | 20.00 | 166.00 | 186.00 | OK | |
r-patched-linux-x86_64 | 1.0.2 | 17.57 | 165.85 | 183.42 | OK | |
r-release-linux-x86_64 | 1.0.2 | 16.67 | 168.19 | 184.86 | OK | |
r-release-macos-arm64 | 1.0.2 | 7.00 | 72.00 | 79.00 | OK | |
r-release-macos-x86_64 | 1.0.2 | 13.00 | 140.00 | 153.00 | OK | |
r-release-windows-x86_64 | 1.0.2 | 22.00 | 169.00 | 191.00 | OK | |
r-oldrel-macos-arm64 | 1.0.2 | 6.00 | 67.00 | 73.00 | OK | |
r-oldrel-macos-x86_64 | 1.0.2 | 12.00 | 112.00 | 124.00 | OK | |
r-oldrel-windows-x86_64 | 1.0.2 | 26.00 | 217.00 | 243.00 | OK |
Version: 1.0.2
Check: CRAN incoming feasibility
Result: NOTE
Maintainer: ‘Tony Wang <xwang@imedacs.com>’
The Description field contains
<arXiv:2203.02771>. Methods for missing-not-at-random include
Please refer to arXiv e-prints via their arXiv DOI <doi:10.48550/arXiv.YYMM.NNNNN>.
Flavors: r-devel-linux-x86_64-debian-clang, r-devel-linux-x86_64-debian-gcc
Version: 1.0.2
Check: HTML version of manual
Result: NOTE
Found the following HTML validation problems:
commParams.html:126:1 (commParams.Rd:61): Warning: missing </ul> before </div>
get_class.html:64:1 (get_class.Rd:19): Warning: missing </ul> before </div>
prep_MCMC.html:89:1 (prep_MCMC.Rd:33): Warning: missing </ul> before </div>
updateMI.html:69:1 (updateMI.Rd:25): Warning: missing </ul> before </div>
Flavor: r-devel-linux-x86_64-debian-clang