Last updated on 2025-10-26 11:50:49 CET.
| Flavor | Version | Tinstall | Tcheck | Ttotal | Status | Flags |
|---|---|---|---|---|---|---|
| r-devel-linux-x86_64-debian-clang | 3.4 | 120.98 | 34.64 | 155.62 | NOTE | |
| r-devel-linux-x86_64-debian-gcc | 3.4 | 87.26 | 26.39 | 113.65 | NOTE | |
| r-devel-linux-x86_64-fedora-clang | 3.4 | 89.00 | 182.93 | 271.93 | NOTE | |
| r-devel-linux-x86_64-fedora-gcc | 3.4 | 193.00 | 106.64 | 299.64 | NOTE | |
| r-devel-windows-x86_64 | 3.4 | 135.00 | 71.00 | 206.00 | OK | |
| r-patched-linux-x86_64 | 3.4 | 119.60 | 32.58 | 152.18 | OK | |
| r-release-linux-x86_64 | 3.4 | 131.68 | 32.69 | 164.37 | OK | |
| r-release-macos-arm64 | 3.4 | 46.00 | 21.00 | 67.00 | OK | |
| r-release-macos-x86_64 | 3.4 | 39.00 | 36.00 | 75.00 | OK | |
| r-release-windows-x86_64 | 3.4 | 132.00 | 74.00 | 206.00 | OK | |
| r-oldrel-macos-arm64 | 3.4 | 43.00 | 20.00 | 63.00 | NOTE | |
| r-oldrel-macos-x86_64 | 3.4 | 38.00 | 28.00 | 66.00 | NOTE | |
| r-oldrel-windows-x86_64 | 3.4 | 158.00 | 91.00 | 249.00 | OK |
Version: 3.4
Check: CRAN incoming feasibility
Result: NOTE
Maintainer: ‘Nick Parsons <nick.parsons@warwick.ac.uk>’
No Authors@R field in DESCRIPTION.
Please add one, modifying
Authors@R: person(given = "Nick",
family = "Parsons",
role = c("aut", "cre"),
email = "nick.parsons@warwick.ac.uk")
as necessary.
Flavors: r-devel-linux-x86_64-debian-clang, r-devel-linux-x86_64-debian-gcc
Version: 3.4
Check: compiled code
Result: NOTE
File ‘repolr/libs/repolr.so’:
Found no calls to: ‘R_registerRoutines’, ‘R_useDynamicSymbols’
It is good practice to register native routines and to disable symbol
search.
See ‘Writing portable packages’ in the ‘Writing R Extensions’ manual.
Flavors: r-devel-linux-x86_64-fedora-clang, r-devel-linux-x86_64-fedora-gcc
Version: 3.4
Check: installed package size
Result: NOTE
installed size is 9.5Mb
sub-directories of 1Mb or more:
libs 9.3Mb
Flavors: r-oldrel-macos-arm64, r-oldrel-macos-x86_64