CRAN Package Check Results for Package rethinker

Last updated on 2025-10-21 17:49:59 CEST.

Flavor Version Tinstall Tcheck Ttotal Status Flags
r-devel-linux-x86_64-debian-clang 1.1.0 2.00 21.72 23.72 NOTE
r-devel-linux-x86_64-debian-gcc 1.1.0 1.48 17.11 18.59 NOTE
r-devel-linux-x86_64-fedora-clang 1.1.0 34.10 OK
r-devel-linux-x86_64-fedora-gcc 1.1.0 34.12 OK
r-devel-windows-x86_64 1.1.0 4.00 41.00 45.00 OK
r-patched-linux-x86_64 1.1.0 2.08 20.71 22.79 OK
r-release-linux-x86_64 1.1.0 1.95 20.39 22.34 OK
r-release-macos-arm64 1.1.0 1.00 14.00 15.00 OK
r-release-macos-x86_64 1.1.0 2.00 23.00 25.00 OK
r-release-windows-x86_64 1.1.0 4.00 42.00 46.00 OK
r-oldrel-macos-arm64 1.1.0 1.00 14.00 15.00 OK
r-oldrel-macos-x86_64 1.1.0 2.00 20.00 22.00 OK
r-oldrel-windows-x86_64 1.1.0 5.00 45.00 50.00 OK

Check Details

Version: 1.1.0
Check: CRAN incoming feasibility
Result: NOTE Maintainer: ‘Miron B. Kursa <M.Kursa@icm.edu.pl>’ No Authors@R field in DESCRIPTION. Please add one, modifying Authors@R: person(given = c("Miron", "B."), family = "Kursa", role = c("aut", "cre"), email = "m.kursa@icm.edu.pl") as necessary. Flavors: r-devel-linux-x86_64-debian-clang, r-devel-linux-x86_64-debian-gcc

Version: 1.1.0
Check: HTML version of manual
Result: NOTE Found the following HTML validation problems: close.RethinkDB_connection.html:51:1 (close.RethinkDB_connection.Rd:12): Warning: missing </ul> before </div> close.RethinkDB_cursor.html:52:1 (close.RethinkDB_cursor.Rd:12): Warning: missing </ul> before </div> Flavors: r-devel-linux-x86_64-debian-clang, r-devel-linux-x86_64-debian-gcc