Last updated on 2024-05-26 21:49:26 CEST.
Flavor | Version | Tinstall | Tcheck | Ttotal | Status | Flags |
---|---|---|---|---|---|---|
r-devel-linux-x86_64-debian-clang | 1.0.3 | 9.32 | 147.55 | 156.87 | OK | |
r-devel-linux-x86_64-debian-gcc | 1.0.3 | 10.33 | 108.81 | 119.14 | OK | |
r-devel-linux-x86_64-fedora-clang | 1.0.3 | 199.36 | NOTE | |||
r-devel-linux-x86_64-fedora-gcc | 1.0.3 | 199.52 | NOTE | |||
r-devel-windows-x86_64 | 1.0.3 | 11.00 | 122.00 | 133.00 | OK | |
r-patched-linux-x86_64 | 1.0.3 | 11.34 | 142.40 | 153.74 | OK | |
r-release-linux-x86_64 | 1.0.3 | 10.27 | 145.06 | 155.33 | OK | |
r-release-macos-arm64 | 1.0.3 | 57.00 | OK | |||
r-release-windows-x86_64 | 1.0.3 | 12.00 | 125.00 | 137.00 | OK | |
r-oldrel-macos-arm64 | 1.0.3 | 64.00 | OK | |||
r-oldrel-macos-x86_64 | 1.0.3 | 104.00 | OK | |||
r-oldrel-windows-x86_64 | 1.0.3 | 15.00 | 148.00 | 163.00 | OK |
Version: 1.0.3
Check: dependencies in R code
Result: NOTE
Namespace in Imports field not imported from: ‘titanic’
All declared Imports should be used.
Flavors: r-devel-linux-x86_64-fedora-clang, r-devel-linux-x86_64-fedora-gcc