Last updated on 2025-10-24 11:50:56 CEST.
| Flavor | Version | Tinstall | Tcheck | Ttotal | Status | Flags |
|---|---|---|---|---|---|---|
| r-devel-linux-x86_64-debian-clang | 0.1 | 2.38 | 39.96 | 42.34 | NOTE | |
| r-devel-linux-x86_64-debian-gcc | 0.1 | 2.35 | 30.77 | 33.12 | NOTE | |
| r-devel-linux-x86_64-fedora-clang | 0.1 | 65.50 | OK | |||
| r-devel-linux-x86_64-fedora-gcc | 0.1 | 12.00 | 68.06 | 80.06 | OK | |
| r-devel-windows-x86_64 | 0.1 | 4.00 | 59.00 | 63.00 | OK | |
| r-patched-linux-x86_64 | 0.1 | 3.10 | 37.99 | 41.09 | OK | |
| r-release-linux-x86_64 | 0.1 | 3.05 | 38.34 | 41.39 | OK | |
| r-release-macos-arm64 | 0.1 | 2.00 | 35.00 | 37.00 | OK | |
| r-release-macos-x86_64 | 0.1 | 3.00 | 49.00 | 52.00 | OK | |
| r-release-windows-x86_64 | 0.1 | 5.00 | 61.00 | 66.00 | OK | |
| r-oldrel-macos-arm64 | 0.1 | 2.00 | 29.00 | 31.00 | OK | |
| r-oldrel-macos-x86_64 | 0.1 | 3.00 | 42.00 | 45.00 | OK | |
| r-oldrel-windows-x86_64 | 0.1 | 6.00 | 71.00 | 77.00 | OK |
Version: 0.1
Check: CRAN incoming feasibility
Result: NOTE
Maintainer: ‘Yichuan Bai <ycbai@iastate.edu>’
The Description field contains
<arXiv:2307.12325>.
Please refer to arXiv e-prints via their arXiv DOI <doi:10.48550/arXiv.YYMM.NNNNN>.
Flavors: r-devel-linux-x86_64-debian-clang, r-devel-linux-x86_64-debian-gcc