CRAN Package Check Results for Package riceidconverter

Last updated on 2025-10-21 17:49:59 CEST.

Flavor Version Tinstall Tcheck Ttotal Status Flags
r-devel-linux-x86_64-debian-clang 1.1.1 8.64 23.39 32.03 NOTE
r-devel-linux-x86_64-debian-gcc 1.1.1 6.26 19.49 25.75 NOTE
r-devel-linux-x86_64-fedora-clang 1.1.1 16.00 30.58 46.58 OK
r-devel-linux-x86_64-fedora-gcc 1.1.1 30.00 17.63 47.63 OK
r-devel-windows-x86_64 1.1.1 10.00 40.00 50.00 OK
r-patched-linux-x86_64 1.1.1 7.49 22.37 29.86 OK
r-release-linux-x86_64 1.1.1 7.98 22.32 30.30 OK
r-release-macos-arm64 1.1.1 5.00 17.00 22.00 OK
r-release-macos-x86_64 1.1.1 9.00 24.00 33.00 OK
r-release-windows-x86_64 1.1.1 10.00 43.00 53.00 OK
r-oldrel-macos-arm64 1.1.1 5.00 16.00 21.00 NOTE
r-oldrel-macos-x86_64 1.1.1 9.00 23.00 32.00 NOTE
r-oldrel-windows-x86_64 1.1.1 14.00 47.00 61.00 NOTE

Check Details

Version: 1.1.1
Check: CRAN incoming feasibility
Result: NOTE Maintainer: ‘Xiang LI <ynaulx@gmail.com>’ No Authors@R field in DESCRIPTION. Please add one, modifying Authors@R: person(given = "Xiang", family = "LI", role = c("aut", "cre"), email = "ynaulx@gmail.com") as necessary. Flavors: r-devel-linux-x86_64-debian-clang, r-devel-linux-x86_64-debian-gcc

Version: 1.1.1
Check: LazyData
Result: NOTE 'LazyData' is specified without a 'data' directory Flavors: r-oldrel-macos-arm64, r-oldrel-macos-x86_64, r-oldrel-windows-x86_64