Last updated on 2025-10-24 11:50:56 CEST.
| Flavor | Version | Tinstall | Tcheck | Ttotal | Status | Flags |
|---|---|---|---|---|---|---|
| r-devel-linux-x86_64-debian-clang | 0.1.0 | 1.63 | 18.79 | 20.42 | OK | |
| r-devel-linux-x86_64-debian-gcc | 0.1.0 | 1.47 | 15.98 | 17.45 | OK | |
| r-devel-linux-x86_64-fedora-clang | 0.1.0 | 28.37 | OK | |||
| r-devel-linux-x86_64-fedora-gcc | 0.1.0 | 28.42 | OK | |||
| r-devel-windows-x86_64 | 0.1.0 | 2.00 | 37.00 | 39.00 | OK | |
| r-patched-linux-x86_64 | 0.1.0 | 1.55 | 16.69 | 18.24 | OK | |
| r-release-linux-x86_64 | 0.1.0 | 1.55 | 16.85 | 18.40 | OK | |
| r-release-macos-arm64 | 0.1.0 | 1.00 | 15.00 | 16.00 | OK | |
| r-release-macos-x86_64 | 0.1.0 | 2.00 | 30.00 | 32.00 | OK | |
| r-release-windows-x86_64 | 0.1.0 | 3.00 | 37.00 | 40.00 | OK | |
| r-oldrel-macos-arm64 | 0.1.0 | 1.00 | 13.00 | 14.00 | NOTE | |
| r-oldrel-macos-x86_64 | 0.1.0 | 1.00 | 21.00 | 22.00 | NOTE | |
| r-oldrel-windows-x86_64 | 0.1.0 | 4.00 | 40.00 | 44.00 | NOTE |
Version: 0.1.0
Check: LazyData
Result: NOTE
'LazyData' is specified without a 'data' directory
Flavors: r-oldrel-macos-arm64, r-oldrel-macos-x86_64, r-oldrel-windows-x86_64