CRAN Package Check Results for Package rjade

Last updated on 2025-10-22 17:49:49 CEST.

Flavor Version Tinstall Tcheck Ttotal Status Flags
r-devel-linux-x86_64-debian-clang 0.1.1 2.39 31.56 33.95 NOTE
r-devel-linux-x86_64-debian-gcc 0.1.1 1.84 26.26 28.10 NOTE
r-devel-linux-x86_64-fedora-clang 0.1.1 19.00 34.36 53.36 OK
r-devel-linux-x86_64-fedora-gcc 0.1.1 10.00 58.48 68.48 OK
r-devel-windows-x86_64 0.1.1 4.00 53.00 57.00 OK
r-patched-linux-x86_64 0.1.1 2.36 30.51 32.87 OK
r-release-linux-x86_64 0.1.1 2.26 30.29 32.55 OK
r-release-macos-arm64 0.1.1 2.00 29.00 31.00 OK
r-release-macos-x86_64 0.1.1 2.00 49.00 51.00 OK
r-release-windows-x86_64 0.1.1 4.00 55.00 59.00 OK
r-oldrel-macos-arm64 0.1.1 1.00 27.00 28.00 OK
r-oldrel-macos-x86_64 0.1.1 2.00 40.00 42.00 OK
r-oldrel-windows-x86_64 0.1.1 3.00 61.00 64.00 OK

Check Details

Version: 0.1.1
Check: CRAN incoming feasibility
Result: NOTE Maintainer: ‘Jeroen Ooms <jeroen@berkeley.edu>’ No Authors@R field in DESCRIPTION. Please add one, modifying Authors@R: c(person(given = "Jeroen", family = "Ooms", role = c("aut", "cre"), email = "jeroen@berkeley.edu"), person(given = "Forbes", family = "Lindesay", role = "aut")) as necessary. Flavors: r-devel-linux-x86_64-debian-clang, r-devel-linux-x86_64-debian-gcc