Last updated on 2025-10-24 18:50:06 CEST.
| Flavor | Version | Tinstall | Tcheck | Ttotal | Status | Flags |
|---|---|---|---|---|---|---|
| r-devel-linux-x86_64-debian-clang | 1.3.2 | 200.14 | 37.79 | 237.93 | OK | |
| r-devel-linux-x86_64-debian-gcc | 1.3.2 | 188.33 | 29.68 | 218.01 | OK | |
| r-devel-linux-x86_64-fedora-clang | 1.3.2 | 154.00 | 176.96 | 330.96 | OK | |
| r-devel-linux-x86_64-fedora-gcc | 1.3.2 | 461.00 | 129.37 | 590.37 | OK | |
| r-devel-windows-x86_64 | 1.3.2 | 226.00 | 95.00 | 321.00 | OK | |
| r-patched-linux-x86_64 | 1.3.2 | 251.59 | 34.80 | 286.39 | OK | |
| r-release-linux-x86_64 | 1.3.2 | 248.49 | 34.61 | 283.10 | OK | |
| r-release-macos-arm64 | 1.3.2 | 149.00 | 37.00 | 186.00 | OK | |
| r-release-macos-x86_64 | 1.3.2 | 113.00 | 84.00 | 197.00 | OK | |
| r-release-windows-x86_64 | 1.3.2 | 236.00 | 103.00 | 339.00 | OK | |
| r-oldrel-macos-arm64 | 1.3.2 | 100.00 | 33.00 | 133.00 | NOTE | |
| r-oldrel-macos-x86_64 | 1.3.2 | 90.00 | 58.00 | 148.00 | NOTE | |
| r-oldrel-windows-x86_64 | 1.3.2 | 279.00 | 124.00 | 403.00 | NOTE |
Version: 1.3.2
Check: installed package size
Result: NOTE
installed size is 56.0Mb
sub-directories of 1Mb or more:
include 3.4Mb
libs 51.7Mb
Flavors: r-oldrel-macos-arm64, r-oldrel-macos-x86_64, r-oldrel-windows-x86_64