Last updated on 2025-10-21 17:50:00 CEST.
Flavor | Version | Tinstall | Tcheck | Ttotal | Status | Flags |
---|---|---|---|---|---|---|
r-devel-linux-x86_64-debian-clang | 0.4.3 | 1.89 | 30.56 | 32.45 | NOTE | |
r-devel-linux-x86_64-debian-gcc | 0.4.3 | 1.49 | 24.19 | 25.68 | NOTE | |
r-devel-linux-x86_64-fedora-clang | 0.4.3 | 45.09 | OK | |||
r-devel-linux-x86_64-fedora-gcc | 0.4.3 | 46.13 | OK | |||
r-devel-windows-x86_64 | 0.4.3 | 3.00 | 47.00 | 50.00 | OK | |
r-patched-linux-x86_64 | 0.4.3 | 2.10 | 26.64 | 28.74 | OK | |
r-release-linux-x86_64 | 0.4.3 | 1.84 | 26.94 | 28.78 | OK | |
r-release-macos-arm64 | 0.4.3 | 1.00 | 19.00 | 20.00 | OK | |
r-release-macos-x86_64 | 0.4.3 | 2.00 | 29.00 | 31.00 | OK | |
r-release-windows-x86_64 | 0.4.3 | 5.00 | 48.00 | 53.00 | OK | |
r-oldrel-macos-arm64 | 0.4.3 | 1.00 | 17.00 | 18.00 | OK | |
r-oldrel-macos-x86_64 | 0.4.3 | 2.00 | 24.00 | 26.00 | OK | |
r-oldrel-windows-x86_64 | 0.4.3 | 4.00 | 54.00 | 58.00 | OK |
Version: 0.4.3
Check: CRAN incoming feasibility
Result: NOTE
Maintainer: ‘Aaron Schumacher <ajschumacher@gmail.com>’
No Authors@R field in DESCRIPTION.
Please add one, modifying
Authors@R: c(person(given = "Aaron",
family = "Schumacher",
role = c("aut", "cre"),
email = "ajschumacher@gmail.com"),
person(given = "Håkon",
family = "Malmedal",
role = "aut"),
person(given = "Måns",
family = "Magnusson",
role = "aut"))
as necessary.
Flavors: r-devel-linux-x86_64-debian-clang, r-devel-linux-x86_64-debian-gcc
Version: 0.4.3
Check: HTML version of manual
Result: NOTE
Found the following HTML validation problems:
id.html:52:1 (id.Rd:15): Warning: missing </ul> before </div>
status.html:52:1 (status.Rd:15): Warning: missing </ul> before </div>
Flavors: r-devel-linux-x86_64-debian-clang, r-devel-linux-x86_64-debian-gcc