CRAN Package Check Results for Package rlc

Last updated on 2025-10-21 11:53:37 CEST.

Flavor Version Tinstall Tcheck Ttotal Status Flags
r-devel-linux-x86_64-debian-clang 0.5.0 6.94 39.85 46.79 NOTE
r-devel-linux-x86_64-debian-gcc 0.5.0 4.19 29.99 34.18 NOTE
r-devel-linux-x86_64-fedora-clang 0.5.0 67.28 OK
r-devel-linux-x86_64-fedora-gcc 0.5.0 31.00 40.74 71.74 OK
r-devel-windows-x86_64 0.5.0 8.00 58.00 66.00 NOTE
r-patched-linux-x86_64 0.5.0 5.69 37.57 43.26 NOTE
r-release-linux-x86_64 0.5.0 7.06 37.63 44.69 NOTE
r-release-macos-arm64 0.5.0 26.00 OK
r-release-macos-x86_64 0.5.0 6.00 36.00 42.00 OK
r-release-windows-x86_64 0.5.0 8.00 60.00 68.00 NOTE
r-oldrel-macos-arm64 0.5.0 25.00 OK
r-oldrel-macos-x86_64 0.5.0 35.00 OK
r-oldrel-windows-x86_64 0.5.0 11.00 69.00 80.00 OK

Check Details

Version: 0.5.0
Check: Rd cross-references
Result: NOTE Found the following Rd file(s) with Rd \link{} targets missing package anchors: chartEvent.Rd: App Please provide package anchors for all Rd \link{} targets not in the package itself and the base packages. Flavors: r-devel-linux-x86_64-debian-clang, r-devel-linux-x86_64-debian-gcc, r-devel-windows-x86_64, r-patched-linux-x86_64, r-release-linux-x86_64, r-release-windows-x86_64

Version: 0.5.0
Check: HTML version of manual
Result: NOTE Found the following HTML validation problems: listen.html:59:1 (listen.Rd:17): Warning: missing </ul> before </div> Flavors: r-devel-linux-x86_64-debian-clang, r-devel-linux-x86_64-debian-gcc