CRAN Package Check Results for Package rlowdb

Last updated on 2025-10-21 23:51:07 CEST.

Flavor Version Tinstall Tcheck Ttotal Status Flags
r-devel-linux-x86_64-debian-clang 0.2.0 4.15 33.32 37.47 NOTE
r-devel-linux-x86_64-debian-gcc 0.2.0 2.61 27.34 29.95 NOTE
r-devel-linux-x86_64-fedora-clang 0.2.0 52.49 OK
r-devel-linux-x86_64-fedora-gcc 0.2.0 24.00 31.09 55.09 OK
r-devel-windows-x86_64 0.2.0 5.00 50.00 55.00 OK
r-patched-linux-x86_64 0.2.0 4.47 30.57 35.04 OK
r-release-linux-x86_64 0.2.0 3.79 30.23 34.02 OK
r-release-macos-arm64 0.2.0 2.00 18.00 20.00 OK
r-release-macos-x86_64 0.2.0 4.00 32.00 36.00 OK
r-release-windows-x86_64 0.2.0 5.00 52.00 57.00 OK
r-oldrel-macos-arm64 0.2.0 2.00 22.00 24.00 OK
r-oldrel-macos-x86_64 0.2.0 6.00 35.00 41.00 OK
r-oldrel-windows-x86_64 0.2.0 6.00 57.00 63.00 OK

Check Details

Version: 0.2.0
Check: HTML version of manual
Result: NOTE Found the following HTML validation problems: rlowdb.html:215:1 (rlowdb.Rd:450): Warning: <h5> anchor "Usage" already defined rlowdb.html:231:1 (rlowdb.Rd:460): Warning: <h5> anchor "Usage" already defined rlowdb.html:266:1 (rlowdb.Rd:484): Warning: <h5> anchor "Usage" already defined rlowdb.html:272:1 (rlowdb.Rd:488): Warning: <h5> anchor "Arguments" already defined rlowdb.html:285:1 (rlowdb.Rd:495): Warning: <h5> anchor "Returns" already defined rlowdb.html:292:1 (rlowdb.Rd:498): Warning: <h5> anchor "Examples" already defined rlowdb.html:314:1 (rlowdb.Rd:515): Warning: <h5> anchor "Usage" already defined rlowdb.html:320:1 (rlowdb.Rd:519): Warning: <h5> anchor "Arguments" already defined rlowdb.html:335:1 (rlowdb.Rd:528): Warning: <h5> anchor "Returns" already defined rlowdb.html:342:1 (rlowdb.Rd:531): Warning: <h5> anchor "Examples" already defined rlowdb.html:365:1 (rlowdb.Rd:549): Warning: <h5> anchor "Usage" already defined rlowdb.html:371:1 (rlowdb.Rd:553): Warning: <h5> anchor "Arguments" already defined rlowdb.html:386:1 (rlowdb.Rd:562): Warning: <h5> anchor "Examples" already defined rlowdb.html:411:1 (rlowdb.Rd:582): Warning: <h5> anchor "Usage" already defined rlowdb.html:417:1 (rlowdb.Rd:586): Warning: <h5> anchor "Arguments" already defined rlowdb.html:434:1 (rlowdb.Rd:597): Warning: <h5> anchor "Returns" already defined rlowdb.html:441:1 (rlowdb.Rd:600): Warning: <h5> anchor "Examples" already defined rlowdb.html:464:1 (rlowdb.Rd:618): Warning: <h5> anchor "Usage" already defined rlowdb.html:470:1 (rlowdb.Rd:622): Warning: <h5> anchor "Arguments" already defined rlowdb.html:489:1 (rlowdb.Rd:635): Warning: <h5> anchor "Examples" already defined rlowdb.html:514:1 (rlowdb.Rd:655): Warning: <h5> anchor "Usage" already defined rlowdb.html:520:1 (rlowdb.Rd:659): Warning: <h5> anchor "Arguments" already defined rlowdb.html:539:1 (rlowdb.Rd:672): Warning: <h5> anchor "Examples" already defined rlowdb.html:562:1 (rlowdb.Rd:690): Warning: <h5> anchor "Usage" already defined rlowdb.html:568:1 (rlowdb.Rd:694): Warning: <h5> anchor "Arguments" already defined rlowdb.html:585:1 (rlowdb.Rd:705): Warning: <h5> anchor "Examples" already defined rlowdb.html:612:1 (rlowdb.Rd:727): Warning: <h5> anchor "Usage" already defined rlowdb.html:618:1 (rlowdb.Rd:731): Warning: <h5> anchor "Arguments" already defined rlowdb.html:637:1 (rlowdb.Rd:744): Warning: <h5> anchor "Returns" already defined rlowdb.html:644:1 (rlowdb.Rd:747): Warning: <h5> anchor "Examples" already defined rlowdb.html:680:1 (rlowdb.Rd:778): Warning: <h5> anchor "Usage" already defined rlowdb.html:686:1 (rlowdb.Rd:782): Warning: <h5> anchor "Arguments" already defined rlowdb.html:701:1 (rlowdb.Rd:791): Warning: <h5> anchor "Returns" already defined rlowdb.html:708:1 (rlowdb.Rd:794): Warning: <h5> anchor "Examples" already defined rlowdb.html:732:1 (rlowdb.Rd:813): Warning: <h5> anchor "Usage" already defined rlowdb.html:738:1 (rlowdb.Rd:817): Warning: <h5> anchor "Arguments" already defined rlowdb.html:751:1 (rlowdb.Rd:824): Warning: <h5> anchor "Examples" already defined rlowdb.html:774:1 (rlowdb.Rd:842): Warning: <h5> anchor "Usage" already defined rlowdb.html:780:1 (rlowdb.Rd:846): Warning: <h5> anchor "Examples" already defined rlowdb.html:804:1 (rlowdb.Rd:865): Warning: <h5> anchor "Usage" already defined rlowdb.html:810:1 (rlowdb.Rd:869): Warning: <h5> anchor "Arguments" already defined rlowdb.html:823:1 (rlowdb.Rd:876): Warning: <h5> anchor "Examples" already defined rlowdb.html:847:1 (rlowdb.Rd:895): Warning: <h5> anchor "Usage" already defined rlowdb.html:853:1 (rlowdb.Rd:899): Warning: <h5> anchor "Arguments" already defined rlowdb.html:866:1 (rlowdb.Rd:906): Warning: <h5> anchor "Returns" already defined rlowdb.html:873:1 (rlowdb.Rd:909): Warning: <h5> anchor "Examples" already defined rlowdb.html:896:1 (rlowdb.Rd:927): Warning: <h5> anchor "Usage" already defined rlowdb.html:902:1 (rlowdb.Rd:931): Warning: <h5> anchor "Returns" already defined rlowdb.html:909:1 (rlowdb.Rd:934): Warning: <h5> anchor "Examples" already defined rlowdb.html:932:1 (rlowdb.Rd:952): Warning: <h5> anchor "Usage" already defined rlowdb.html:938:1 (rlowdb.Rd:956): Warning: <h5> anchor "Arguments" already defined rlowdb.html:951:1 (rlowdb.Rd:963): Warning: <h5> anchor "Returns" already defined rlowdb.html:958:1 (rlowdb.Rd:966): Warning: <h5> anchor "Examples" already defined rlowdb.html:981:1 (rlowdb.Rd:984): Warning: <h5> anchor "Usage" already defined rlowdb.html:987:1 (rlowdb.Rd:988): Warning: <h5> anchor "Arguments" already defined rlowdb.html:1002:1 (rlowdb.Rd:997): Warning: <h5> anchor "Returns" already defined rlowdb.html:1009:1 (rlowdb.Rd:1000): Warning: <h5> anchor "Examples" already defined rlowdb.html:1032:1 (rlowdb.Rd:1018): Warning: <h5> anchor "Usage" already defined rlowdb.html:1038:1 (rlowdb.Rd:1022): Warning: <h5> anchor "Arguments" already defined rlowdb.html:1055:1 (rlowdb.Rd:1033): Warning: <h5> anchor "Returns" already defined rlowdb.html:1062:1 (rlowdb.Rd:1036): Warning: <h5> anchor "Examples" already defined rlowdb.html:1088:1 (rlowdb.Rd:1057): Warning: <h5> anchor "Usage" already defined rlowdb.html:1094:1 (rlowdb.Rd:1061): Warning: <h5> anchor "Arguments" already defined rlowdb.html:1107:1 (rlowdb.Rd:1068): Warning: <h5> anchor "Examples" already defined rlowdb.html:1136:1 (rlowdb.Rd:1092): Warning: <h5> anchor "Usage" already defined rlowdb.html:1142:1 (rlowdb.Rd:1096): Warning: <h5> anchor "Arguments" already defined rlowdb.html:1164:1 (rlowdb.Rd:1109): Warning: <h5> anchor "Usage" already defined rlowdb.html:1170:1 (rlowdb.Rd:1113): Warning: <h5> anchor "Arguments" already defined rlowdb.html:1196:1 (rlowdb.Rd:1129): Warning: <h5> anchor "Usage" already defined rlowdb.html:1202:1 (rlowdb.Rd:1133): Warning: <h5> anchor "Arguments" already defined rlowdb.html:1221:1 (rlowdb.Rd:1146): Warning: <h5> anchor "Returns" already defined rlowdb.html:1228:1 (rlowdb.Rd:1149): Warning: <h5> anchor "Examples" already defined rlowdb.html:1260:1 (rlowdb.Rd:1176): Warning: <h5> anchor "Usage" already defined rlowdb.html:1266:1 (rlowdb.Rd:1180): Warning: <h5> anchor "Arguments" already defined rlowdb.html:1281:1 (rlowdb.Rd:1189): Warning: <h5> anchor "Examples" already defined rlowdb.html:1307:1 (rlowdb.Rd:1210): Warning: <h5> anchor "Usage" already defined rlowdb.html:1323:1 (rlowdb.Rd:1220): Warning: <h5> anchor "Usage" already defined rlowdb.html:1329:1 (rlowdb.Rd:1224): Warning: <h5> anchor "Arguments" already defined rlowdb.html:1355:1 (rlowdb.Rd:1240): Warning: <h5> anchor "Usage" already defined rlowdb.html:1361:1 (rlowdb.Rd:1244): Warning: <h5> anchor "Arguments" already defined rlowdb.html:1386:1 (rlowdb.Rd:1259): Warning: <h5> anchor "Usage" already defined rlowdb.html:1392:1 (rlowdb.Rd:1263): Warning: <h5> anchor "Arguments" already defined rlowdb.html:1407:1 (rlowdb.Rd:1272): Warning: <h5> anchor "Examples" already defined rlowdb.html:1436:1 (rlowdb.Rd:1296): Warning: <h5> anchor "Usage" already defined rlowdb.html:1442:1 (rlowdb.Rd:1300): Warning: <h5> anchor "Arguments" already defined rlowdb.html:1455:1 (rlowdb.Rd:1307): Warning: <h5> anchor "Returns" already defined rlowdb.html:1462:1 (rlowdb.Rd:1310): Warning: <h5> anchor "Examples" already defined rlowdb.html:1489:1 (rlowdb.Rd:1332): Warning: <h5> anchor "Usage" already defined rlowdb.html:1495:1 (rlowdb.Rd:1336): Warning: <h5> anchor "Arguments" already defined rlowdb.html:1510:1 (rlowdb.Rd:1345): Warning: <h5> anchor "Returns" already defined rlowdb.html:1519:1 (rlowdb.Rd:1350): Warning: <h5> anchor "Examples" already defined rlowdb.html:1550:1 (rlowdb.Rd:1376): Warning: <h5> anchor "Usage" already defined rlowdb.html:1556:1 (rlowdb.Rd:1380): Warning: <h5> anchor "Arguments" already defined rlowdb.html:1574:1 (rlowdb.Rd:1392): Warning: <h5> anchor "Returns" already defined rlowdb.html:1581:1 (rlowdb.Rd:1395): Warning: <h5> anchor "Examples" already defined rlowdb.html:1614:1 (rlowdb.Rd:1423): Warning: <h5> anchor "Usage" already defined rlowdb.html:1620:1 (rlowdb.Rd:1427): Warning: <h5> anchor "Arguments" already defined rlowdb.html:1638:1 (rlowdb.Rd:1439): Warning: <h5> anchor "Examples" already defined rlowdb.html:1661:1 (rlowdb.Rd:1457): Warning: <h5> anchor "Usage" already defined rlowdb.html:1667:1 (rlowdb.Rd:1461): Warning: <h5> anchor "Arguments" already defined rlowdb.html:1686:1 (rlowdb.Rd:1474): Warning: <h5> anchor "Returns" already defined rlowdb.html:1693:1 (rlowdb.Rd:1477): Warning: <h5> anchor "Examples" already defined rlowdb.html:1725:1 (rlowdb.Rd:1504): Warning: <h5> anchor "Usage" already defined rlowdb.html:1731:1 (rlowdb.Rd:1508): Warning: <h5> anchor "Arguments" already defined rlowdb.html:1752:1 (rlowdb.Rd:1523): Warning: <h5> anchor "Examples" already defined rlowdb.html:1782:1 (rlowdb.Rd:1548): Warning: <h5> anchor "Usage" already defined rlowdb.html:1788:1 (rlowdb.Rd:1552): Warning: <h5> anchor "Arguments" already defined rlowdb.html:1801:1 (rlowdb.Rd:1559): Warning: <h5> anchor "Returns" already defined rlowdb.html:1818:1 (rlowdb.Rd:1568): Warning: <h5> anchor "Usage" already defined rlowdb.html:1824:1 (rlowdb.Rd:1572): Warning: <h5> anchor "Arguments" already defined Flavors: r-devel-linux-x86_64-debian-clang, r-devel-linux-x86_64-debian-gcc