Last updated on 2025-10-25 00:49:47 CEST.
| Flavor | Version | Tinstall | Tcheck | Ttotal | Status | Flags |
|---|---|---|---|---|---|---|
| r-devel-linux-x86_64-debian-clang | 0.1.0 | 13.12 | 107.33 | 120.45 | NOTE | |
| r-devel-linux-x86_64-debian-gcc | 0.1.0 | 8.58 | 77.81 | 86.39 | NOTE | |
| r-devel-linux-x86_64-fedora-clang | 0.1.0 | 25.00 | 159.16 | 184.16 | OK | |
| r-devel-linux-x86_64-fedora-gcc | 0.1.0 | 72.00 | 113.98 | 185.98 | OK | |
| r-devel-windows-x86_64 | 0.1.0 | 15.00 | 108.00 | 123.00 | OK | |
| r-patched-linux-x86_64 | 0.1.0 | 12.05 | 100.05 | 112.10 | OK | |
| r-release-linux-x86_64 | 0.1.0 | 12.28 | 101.06 | 113.34 | OK | |
| r-release-macos-arm64 | 0.1.0 | 4.00 | 34.00 | 38.00 | OK | |
| r-release-macos-x86_64 | 0.1.0 | 15.00 | 76.00 | 91.00 | OK | |
| r-release-windows-x86_64 | 0.1.0 | 14.00 | 110.00 | 124.00 | OK | |
| r-oldrel-macos-arm64 | 0.1.0 | 5.00 | 39.00 | 44.00 | OK | |
| r-oldrel-macos-x86_64 | 0.1.0 | 10.00 | 58.00 | 68.00 | OK | |
| r-oldrel-windows-x86_64 | 0.1.0 | 19.00 | 146.00 | 165.00 | OK |
Version: 0.1.0
Check: CRAN incoming feasibility
Result: NOTE
Maintainer: ‘Lukasz Smaga <ls@amu.edu.pl>’
The Description field contains
<arXiv:2306.03883>). These procedures enable us to verify the overall
Please refer to arXiv e-prints via their arXiv DOI <doi:10.48550/arXiv.YYMM.NNNNN>.
Flavors: r-devel-linux-x86_64-debian-clang, r-devel-linux-x86_64-debian-gcc