CRAN Package Check Results for Package rnassqs

Last updated on 2025-10-21 17:50:00 CEST.

Flavor Version Tinstall Tcheck Ttotal Status Flags
r-devel-linux-x86_64-debian-clang 0.6.3 1.87 30.43 32.30 NOTE
r-devel-linux-x86_64-debian-gcc 0.6.3 1.60 24.76 26.36 NOTE
r-devel-linux-x86_64-fedora-clang 0.6.3 46.34 OK
r-devel-linux-x86_64-fedora-gcc 0.6.3 14.00 48.67 62.67 OK
r-devel-windows-x86_64 0.6.3 4.00 57.00 61.00 OK
r-patched-linux-x86_64 0.6.3 2.22 27.90 30.12 OK
r-release-linux-x86_64 0.6.3 1.88 27.88 29.76 OK
r-release-macos-arm64 0.6.3 1.00 29.00 30.00 OK
r-release-macos-x86_64 0.6.3 2.00 52.00 54.00 OK
r-release-windows-x86_64 0.6.3 4.00 58.00 62.00 OK
r-oldrel-macos-arm64 0.6.3 1.00 27.00 28.00 OK
r-oldrel-macos-x86_64 0.6.3 2.00 58.00 60.00 OK
r-oldrel-windows-x86_64 0.6.3 4.00 62.00 66.00 OK

Check Details

Version: 0.6.3
Check: HTML version of manual
Result: NOTE Found the following HTML validation problems: nassqs_fields.html:48:1 (nassqs_fields.Rd:12): Warning: missing </ul> before </div> Flavors: r-devel-linux-x86_64-debian-clang, r-devel-linux-x86_64-debian-gcc