Last updated on 2025-10-24 11:50:56 CEST.
| Flavor | Version | Tinstall | Tcheck | Ttotal | Status | Flags |
|---|---|---|---|---|---|---|
| r-devel-linux-x86_64-debian-clang | 1.1.0 | 2.64 | 53.27 | 55.91 | OK | |
| r-devel-linux-x86_64-debian-gcc | 1.1.0 | 2.04 | 39.40 | 41.44 | OK | |
| r-devel-linux-x86_64-fedora-clang | 1.1.0 | 85.23 | OK | |||
| r-devel-linux-x86_64-fedora-gcc | 1.1.0 | 14.00 | 88.50 | 102.50 | OK | |
| r-devel-windows-x86_64 | 1.1.0 | 4.00 | 71.00 | 75.00 | OK | |
| r-patched-linux-x86_64 | 1.1.0 | 2.98 | 48.48 | 51.46 | OK | |
| r-release-linux-x86_64 | 1.1.0 | 2.59 | 49.10 | 51.69 | OK | |
| r-release-macos-arm64 | 1.1.0 | 1.00 | 42.00 | 43.00 | OK | |
| r-release-macos-x86_64 | 1.1.0 | 2.00 | 75.00 | 77.00 | OK | |
| r-release-windows-x86_64 | 1.1.0 | 6.00 | 71.00 | 77.00 | OK | |
| r-oldrel-macos-arm64 | 1.1.0 | 2.00 | 37.00 | 39.00 | NOTE | |
| r-oldrel-macos-x86_64 | 1.1.0 | 2.00 | 73.00 | 75.00 | NOTE | |
| r-oldrel-windows-x86_64 | 1.1.0 | 6.00 | 84.00 | 90.00 | NOTE |
Version: 1.1.0
Check: package dependencies
Result: NOTE
Package suggested but not available for checking: ‘rnaturalearthhires’
Flavors: r-oldrel-macos-arm64, r-oldrel-macos-x86_64, r-oldrel-windows-x86_64