Last updated on 2025-10-25 00:49:47 CEST.
| Flavor | Version | Tinstall | Tcheck | Ttotal | Status | Flags |
|---|---|---|---|---|---|---|
| r-devel-linux-x86_64-debian-clang | 1.1 | 31.22 | 34.07 | 65.29 | NOTE | |
| r-devel-linux-x86_64-debian-gcc | 1.1 | 23.29 | 27.28 | 50.57 | NOTE | |
| r-devel-linux-x86_64-fedora-clang | 1.1 | 57.00 | 53.91 | 110.91 | OK | |
| r-devel-linux-x86_64-fedora-gcc | 1.1 | 154.00 | -35.00 | 119.00 | OK | |
| r-devel-windows-x86_64 | 1.1 | 38.00 | 74.00 | 112.00 | NOTE | |
| r-patched-linux-x86_64 | 1.1 | 34.34 | 32.93 | 67.27 | OK | |
| r-release-linux-x86_64 | 1.1 | 36.59 | 33.14 | 69.73 | OK | |
| r-release-macos-arm64 | 1.1 | 13.00 | 22.00 | 35.00 | OK | |
| r-release-macos-x86_64 | 1.1 | 39.00 | 58.00 | 97.00 | OK | |
| r-release-windows-x86_64 | 1.1 | 39.00 | 78.00 | 117.00 | NOTE | |
| r-oldrel-macos-arm64 | 1.1 | 13.00 | 20.00 | 33.00 | OK | |
| r-oldrel-macos-x86_64 | 1.1 | 29.00 | 32.00 | 61.00 | OK | |
| r-oldrel-windows-x86_64 | 1.1 | 45.00 | 94.00 | 139.00 | NOTE |
Version: 1.1
Check: CRAN incoming feasibility
Result: NOTE
Maintainer: ‘Aditya Mishra <amishra@flatironinstitute.org>’
The Description field contains
<arXiv:1909.04990>.
Please refer to arXiv e-prints via their arXiv DOI <doi:10.48550/arXiv.YYMM.NNNNN>.
Flavors: r-devel-linux-x86_64-debian-clang, r-devel-linux-x86_64-debian-gcc
Version: 1.1
Check: C++ specification
Result: NOTE
Specified C++11: please drop specification unless essential
Flavors: r-devel-windows-x86_64, r-release-windows-x86_64, r-oldrel-windows-x86_64