CRAN Package Check Results for Package robust

Last updated on 2025-10-21 23:51:08 CEST.

Flavor Version Tinstall Tcheck Ttotal Status Flags
r-devel-linux-x86_64-debian-clang 0.7-5 27.01 82.55 109.56 NOTE
r-devel-linux-x86_64-debian-gcc 0.7-5 14.95 56.18 71.13 NOTE
r-devel-linux-x86_64-fedora-clang 0.7-5 54.00 115.11 169.11 OK
r-devel-linux-x86_64-fedora-gcc 0.7-5 97.00 68.44 165.44 OK
r-devel-windows-x86_64 0.7-5 29.00 100.00 129.00 OK
r-patched-linux-x86_64 0.7-5 22.20 76.85 99.05 OK
r-release-linux-x86_64 0.7-5 22.69 77.69 100.38 OK
r-release-macos-arm64 0.7-5 15.00 37.00 52.00 OK
r-release-macos-x86_64 0.7-5 16.00 67.00 83.00 OK
r-release-windows-x86_64 0.7-5 33.00 104.00 137.00 OK
r-oldrel-macos-arm64 0.7-5 15.00 38.00 53.00 OK
r-oldrel-macos-x86_64 0.7-5 32.00 109.00 141.00 OK
r-oldrel-windows-x86_64 0.7-5 36.00 123.00 159.00 OK

Check Details

Version: 0.7-5
Check: HTML version of manual
Result: NOTE Found the following HTML validation problems: lmRob.fit.html:72:1 (lmRob.fit.Rd:30): Warning: missing </ul> before </div> Flavors: r-devel-linux-x86_64-debian-clang, r-devel-linux-x86_64-debian-gcc