CRAN Package Check Results for Package robustlm

Last updated on 2025-10-21 23:51:08 CEST.

Flavor Version Tinstall Tcheck Ttotal Status Flags
r-devel-linux-x86_64-debian-clang 0.1.0 2.16 35.64 37.80 OK
r-devel-linux-x86_64-debian-gcc 0.1.0 1.73 29.60 31.33 OK
r-devel-linux-x86_64-fedora-clang 0.1.0 57.72 OK
r-devel-linux-x86_64-fedora-gcc 0.1.0 70.79 OK
r-devel-windows-x86_64 0.1.0 4.00 55.00 59.00 OK
r-patched-linux-x86_64 0.1.0 2.22 34.13 36.35 OK
r-release-linux-x86_64 0.1.0 2.14 33.89 36.03 OK
r-release-macos-arm64 0.1.0 1.00 33.00 34.00 OK
r-release-macos-x86_64 0.1.0 2.00 46.00 48.00 OK
r-release-windows-x86_64 0.1.0 4.00 50.00 54.00 OK
r-oldrel-macos-arm64 0.1.0 1.00 25.00 26.00 NOTE
r-oldrel-macos-x86_64 0.1.0 2.00 34.00 36.00 NOTE
r-oldrel-windows-x86_64 0.1.0 4.00 58.00 62.00 NOTE

Check Details

Version: 0.1.0
Check: LazyData
Result: NOTE 'LazyData' is specified without a 'data' directory Flavors: r-oldrel-macos-arm64, r-oldrel-macos-x86_64, r-oldrel-windows-x86_64