Last updated on 2025-10-21 17:50:00 CEST.
Flavor | Version | Tinstall | Tcheck | Ttotal | Status | Flags |
---|---|---|---|---|---|---|
r-devel-linux-x86_64-debian-clang | 2024.1-28 | 6.84 | 36.53 | 43.37 | NOTE | |
r-devel-linux-x86_64-debian-gcc | 2024.1-28 | 5.08 | 28.05 | 33.13 | NOTE | |
r-devel-linux-x86_64-fedora-clang | 2024.1-28 | 13.00 | 52.10 | 65.10 | OK | |
r-devel-linux-x86_64-fedora-gcc | 2024.1-28 | 29.00 | 38.72 | 67.72 | OK | |
r-devel-windows-x86_64 | 2024.1-28 | 11.00 | 54.00 | 65.00 | OK | |
r-patched-linux-x86_64 | 2024.1-28 | 6.86 | 34.73 | 41.59 | OK | |
r-release-linux-x86_64 | 2024.1-28 | 6.25 | 34.35 | 40.60 | OK | |
r-release-macos-arm64 | 2024.1-28 | 4.00 | 20.00 | 24.00 | OK | |
r-release-macos-x86_64 | 2024.1-28 | 7.00 | 34.00 | 41.00 | OK | |
r-release-windows-x86_64 | 2024.1-28 | 10.00 | 57.00 | 67.00 | OK | |
r-oldrel-macos-arm64 | 2024.1-28 | 4.00 | 20.00 | 24.00 | OK | |
r-oldrel-macos-x86_64 | 2024.1-28 | 5.00 | 28.00 | 33.00 | OK | |
r-oldrel-windows-x86_64 | 2024.1-28 | 14.00 | 66.00 | 80.00 | OK |
Version: 2024.1-28
Check: CRAN incoming feasibility
Result: NOTE
Maintainer: ‘Youyi Fong <youyifong@gmail.com>’
No Authors@R field in DESCRIPTION.
Please add one, modifying
Authors@R: person(given = "Youyi",
family = "Fong",
role = c("aut", "cre"),
email = "youyifong@gmail.com")
as necessary.
Flavors: r-devel-linux-x86_64-debian-clang, r-devel-linux-x86_64-debian-gcc
Version: 2024.1-28
Check: HTML version of manual
Result: NOTE
Found the following HTML validation problems:
multinom.test.html:108:1 (multinom.test.Rd:46): Warning: missing </ul> before </div>
mw.mw.2.perm.html:93:1 (mw.mw.2.perm.Rd:39): Warning: missing </ul> before </div>
wmw.paired.replicates.test.html:108:1 (wmw.paired.replicates.test.Rd:48): Warning: missing </ul> before </div>
Flavors: r-devel-linux-x86_64-debian-clang, r-devel-linux-x86_64-debian-gcc