Last updated on 2025-10-21 23:51:08 CEST.
Flavor | Version | Tinstall | Tcheck | Ttotal | Status | Flags |
---|---|---|---|---|---|---|
r-devel-linux-x86_64-debian-clang | 1.5-1 | 2.77 | 28.41 | 31.18 | NOTE | |
r-devel-linux-x86_64-debian-gcc | 1.5-1 | 2.00 | 21.79 | 23.79 | NOTE | |
r-devel-linux-x86_64-fedora-clang | 1.5-1 | 44.52 | OK | |||
r-devel-linux-x86_64-fedora-gcc | 1.5-1 | 12.00 | 33.47 | 45.47 | OK | |
r-devel-windows-x86_64 | 1.5-1 | 4.00 | 48.00 | 52.00 | OK | |
r-patched-linux-x86_64 | 1.5-1 | 3.07 | 26.14 | 29.21 | OK | |
r-release-linux-x86_64 | 1.5-1 | 2.66 | 26.03 | 28.69 | OK | |
r-release-macos-arm64 | 1.5-1 | 2.00 | 18.00 | 20.00 | OK | |
r-release-macos-x86_64 | 1.5-1 | 2.00 | 28.00 | 30.00 | OK | |
r-release-windows-x86_64 | 1.5-1 | 4.00 | 52.00 | 56.00 | OK | |
r-oldrel-macos-arm64 | 1.5-1 | 1.00 | 18.00 | 19.00 | OK | |
r-oldrel-macos-x86_64 | 1.5-1 | 2.00 | 25.00 | 27.00 | OK | |
r-oldrel-windows-x86_64 | 1.5-1 | 4.00 | 48.00 | 52.00 | OK |
Version: 1.5-1
Check: top-level files
Result: NOTE
Found the following validation problem for the NEWS.Rd HTML conversion:
NEWS.html:65:1 (inst/NEWS.Rd:29): Warning: <h4> anchor "Bug-fixes" already defined
NEWS.html:87:1 (inst/NEWS.Rd:42): Warning: <h4> anchor "New-features" already defined
NEWS.html:123:1 (inst/NEWS.Rd:61): Warning: <h4> anchor "Bug-fixes" already defined
NEWS.html:141:1 (inst/NEWS.Rd:72): Warning: <h4> anchor "New-features" already defined
NEWS.html:173:1 (inst/NEWS.Rd:90): Warning: <h4> anchor "Bug-fixes" already defined
NEWS.html:204:1 (inst/NEWS.Rd:108): Warning: <h4> anchor "User-visible-changes" already defined
NEWS.html:233:1 (inst/NEWS.Rd:124): Warning: <h4> anchor "New-feature" already defined
NEWS.html:249:1 (inst/NEWS.Rd:133): Warning: <h4> anchor "Changes" already defined
NEWS.html:262:1 (inst/NEWS.Rd:140): Warning: <h4> anchor "Bug-fixes" already defined
NEWS.html:289:1 (inst/NEWS.Rd:156): Warning: <h4> anchor "User-visible-changes" already defined
NEWS.html:301:1 (inst/NEWS.Rd:162): Warning: <h4> anchor "New-features" already defined
NEWS.html:321:1 (inst/NEWS.Rd:174): Warning: <h4> anchor "Bug-fixes" already defined
NEWS.html:353:1 (inst/NEWS.Rd:191): Warning: <h4> anchor "New-features" already defined
NEWS.html:370:1 (inst/NEWS.Rd:200): Warning: <h4> anchor "Bug-fixes" already defined
Flavors: r-devel-linux-x86_64-debian-clang, r-devel-linux-x86_64-debian-gcc