Last updated on 2025-10-21 23:51:08 CEST.
Flavor | Version | Tinstall | Tcheck | Ttotal | Status | Flags |
---|---|---|---|---|---|---|
r-devel-linux-x86_64-debian-clang | 1.2.0 | 45.69 | 29.82 | 75.51 | OK | |
r-devel-linux-x86_64-debian-gcc | 1.2.0 | 35.52 | 24.16 | 59.68 | OK | |
r-devel-linux-x86_64-fedora-clang | 1.2.0 | 90.00 | 25.55 | 115.55 | OK | |
r-devel-linux-x86_64-fedora-gcc | 1.2.0 | 226.00 | -84.87 | 141.13 | OK | |
r-devel-windows-x86_64 | 1.2.0 | 56.00 | 69.00 | 125.00 | OK | |
r-patched-linux-x86_64 | 1.2.0 | 50.51 | 27.44 | 77.95 | OK | |
r-release-linux-x86_64 | 1.2.0 | 50.90 | 27.17 | 78.07 | OK | |
r-release-macos-arm64 | 1.2.0 | 17.00 | 17.00 | 34.00 | OK | |
r-release-macos-x86_64 | 1.2.0 | 41.00 | 62.00 | 103.00 | OK | |
r-release-windows-x86_64 | 1.2.0 | 55.00 | 71.00 | 126.00 | OK | |
r-oldrel-macos-arm64 | 1.2.0 | 14.00 | 21.00 | 35.00 | NOTE | |
r-oldrel-macos-x86_64 | 1.2.0 | 35.00 | 46.00 | 81.00 | NOTE | |
r-oldrel-windows-x86_64 | 1.2.0 | 67.00 | 86.00 | 153.00 | NOTE |
Version: 1.2.0
Check: installed package size
Result: NOTE
installed size is 6.2Mb
sub-directories of 1Mb or more:
libs 5.6Mb
Flavors: r-oldrel-macos-arm64, r-oldrel-macos-x86_64
Version: 1.2.0
Check: for GNU extensions in Makefiles
Result: NOTE
GNU make is a SystemRequirements.
Flavors: r-oldrel-macos-arm64, r-oldrel-macos-x86_64, r-oldrel-windows-x86_64