Last updated on 2025-10-24 05:50:54 CEST.
| Flavor | Version | Tinstall | Tcheck | Ttotal | Status | Flags |
|---|---|---|---|---|---|---|
| r-devel-linux-x86_64-debian-clang | 1.3.14 | 2.53 | 33.52 | 36.05 | NOTE | |
| r-devel-linux-x86_64-debian-gcc | 1.3.14 | 1.74 | 27.19 | 28.93 | OK | |
| r-devel-linux-x86_64-fedora-clang | 1.3.14 | 51.82 | OK | |||
| r-devel-linux-x86_64-fedora-gcc | 1.3.14 | 66.20 | OK | |||
| r-devel-windows-x86_64 | 1.3.14 | 4.00 | 60.00 | 64.00 | OK | |
| r-patched-linux-x86_64 | 1.3.14 | 2.85 | 30.92 | 33.77 | OK | |
| r-release-linux-x86_64 | 1.3.14 | 2.18 | 30.54 | 32.72 | OK | |
| r-release-macos-arm64 | 1.3.14 | 1.00 | 28.00 | 29.00 | OK | |
| r-release-macos-x86_64 | 1.3.14 | 2.00 | 52.00 | 54.00 | OK | |
| r-release-windows-x86_64 | 1.3.14 | 3.00 | 61.00 | 64.00 | OK | |
| r-oldrel-macos-arm64 | 1.3.14 | 1.00 | 25.00 | 26.00 | OK | |
| r-oldrel-macos-x86_64 | 1.3.14 | 2.00 | 46.00 | 48.00 | OK | |
| r-oldrel-windows-x86_64 | 1.3.14 | 6.00 | 67.00 | 73.00 | OK |
Version: 1.3.14
Check: HTML version of manual
Result: NOTE
Found the following HTML validation problems:
library.force.html:54:1 (library.force.Rd:15): Warning: missing </ul> before </div>
read.tsv.html:54:1 (read.tsv.Rd:15): Warning: missing </ul> before </div>
Flavor: r-devel-linux-x86_64-debian-clang