Last updated on 2025-10-22 23:50:09 CEST.
Flavor | Version | Tinstall | Tcheck | Ttotal | Status | Flags |
---|---|---|---|---|---|---|
r-devel-linux-x86_64-debian-clang | 0.1.1 | 3.72 | 35.39 | 39.11 | NOTE | |
r-devel-linux-x86_64-debian-gcc | 0.1.1 | 2.68 | 26.10 | 28.78 | NOTE | |
r-devel-linux-x86_64-fedora-clang | 0.1.1 | 55.23 | OK | |||
r-devel-linux-x86_64-fedora-gcc | 0.1.1 | 13.00 | 41.84 | 54.84 | OK | |
r-devel-windows-x86_64 | 0.1.1 | 6.00 | 50.00 | 56.00 | OK | |
r-patched-linux-x86_64 | 0.1.1 | 3.64 | 31.35 | 34.99 | OK | |
r-release-linux-x86_64 | 0.1.1 | 3.15 | 31.46 | 34.61 | OK | |
r-release-macos-arm64 | 0.1.1 | 2.00 | 19.00 | 21.00 | OK | |
r-release-macos-x86_64 | 0.1.1 | 3.00 | 31.00 | 34.00 | OK | |
r-release-windows-x86_64 | 0.1.1 | 6.00 | 52.00 | 58.00 | OK | |
r-oldrel-macos-arm64 | 0.1.1 | 2.00 | 20.00 | 22.00 | OK | |
r-oldrel-macos-x86_64 | 0.1.1 | 3.00 | 26.00 | 29.00 | OK | |
r-oldrel-windows-x86_64 | 0.1.1 | 7.00 | 59.00 | 66.00 | OK |
Version: 0.1.1
Check: DESCRIPTION meta-information
Result: NOTE
Author field differs from that derived from Authors@R
Author: ‘Max Czapanskiy [aut, cre] (0000-0002-6302-905X), Shirel Kahane-Rapport [aut] (<https://orcid.org/0000-0002-5208-1100>), Jeremy Goldbogen [aut] (<https://orcid.org/0000-0002-4170-7294>)’
Authors@R: ‘Max Czapanskiy [aut, cre] (ORCID-ID: 0000-0002-6302-905X), Shirel Kahane-Rapport [aut] (ORCID: <https://orcid.org/0000-0002-5208-1100>), Jeremy Goldbogen [aut] (ORCID: <https://orcid.org/0000-0002-4170-7294>)’
Flavors: r-devel-linux-x86_64-debian-clang, r-devel-linux-x86_64-debian-gcc