Last updated on 2025-10-21 11:53:37 CEST.
Flavor | Version | Tinstall | Tcheck | Ttotal | Status | Flags |
---|---|---|---|---|---|---|
r-devel-linux-x86_64-debian-clang | 0.3.7 | 6.42 | 45.34 | 51.76 | NOTE | |
r-devel-linux-x86_64-debian-gcc | 0.3.7 | 4.88 | 33.58 | 38.46 | NOTE | |
r-devel-linux-x86_64-fedora-clang | 0.3.7 | 80.44 | OK | |||
r-devel-linux-x86_64-fedora-gcc | 0.3.7 | 18.00 | 61.24 | 79.24 | OK | |
r-devel-windows-x86_64 | 0.3.7 | 7.00 | 67.00 | 74.00 | OK | |
r-patched-linux-x86_64 | 0.3.7 | 7.18 | 41.38 | 48.56 | OK | |
r-release-linux-x86_64 | 0.3.7 | 6.92 | 40.78 | 47.70 | OK | |
r-release-macos-arm64 | 0.3.7 | 25.00 | OK | |||
r-release-macos-x86_64 | 0.3.7 | 7.00 | 42.00 | 49.00 | OK | |
r-release-windows-x86_64 | 0.3.7 | 8.00 | 68.00 | 76.00 | OK | |
r-oldrel-macos-arm64 | 0.3.7 | 25.00 | OK | |||
r-oldrel-macos-x86_64 | 0.3.7 | 37.00 | OK | |||
r-oldrel-windows-x86_64 | 0.3.7 | 9.00 | 77.00 | 86.00 | OK |
Version: 0.3.7
Check: HTML version of manual
Result: NOTE
Found the following HTML validation problems:
BackupQueue.html:160:1 (BackupQueue.Rd:99): Warning: <h5> anchor "Usage" already defined
BackupQueue.html:178:1 (BackupQueue.Rd:111): Warning: <h5> anchor "Usage" already defined
BackupQueue.html:192:1 (BackupQueue.Rd:120): Warning: <h5> anchor "Usage" already defined
BackupQueue.html:206:1 (BackupQueue.Rd:129): Warning: <h5> anchor "Usage" already defined
BackupQueue.html:220:1 (BackupQueue.Rd:138): Warning: <h5> anchor "Usage" already defined
BackupQueue.html:248:1 (BackupQueue.Rd:155): Warning: <h5> anchor "Usage" already defined
BackupQueue.html:254:1 (BackupQueue.Rd:159): Warning: <h5> anchor "Arguments" already defined
BackupQueue.html:275:1 (BackupQueue.Rd:171): Warning: <h5> anchor "Usage" already defined
BackupQueue.html:289:1 (BackupQueue.Rd:180): Warning: <h5> anchor "Usage" already defined
BackupQueue.html:303:1 (BackupQueue.Rd:189): Warning: <h5> anchor "Usage" already defined
BackupQueueDate.html:108:1 (BackupQueueDate.Rd:74): Warning: <h5> anchor "Usage" already defined
BackupQueueDateTime.html:142:1 (BackupQueueDateTime.Rd:90): Warning: <h5> anchor "Usage" already defined
BackupQueueDateTime.html:173:1 (BackupQueueDateTime.Rd:110): Warning: <h5> anchor "Usage" already defined
BackupQueueDateTime.html:191:1 (BackupQueueDateTime.Rd:122): Warning: <h5> anchor "Usage" already defined
BackupQueueDateTime.html:220:1 (BackupQueueDateTime.Rd:141): Warning: <h5> anchor "Usage" already defined
BackupQueueDateTime.html:234:1 (BackupQueueDateTime.Rd:150): Warning: <h5> anchor "Usage" already defined
BackupQueueDateTime.html:248:1 (BackupQueueDateTime.Rd:159): Warning: <h5> anchor "Usage" already defined
BackupQueueDateTime.html:262:1 (BackupQueueDateTime.Rd:168): Warning: <h5> anchor "Usage" already defined
BackupQueueIndex.html:109:1 (BackupQueueIndex.Rd:66): Warning: <h5> anchor "Usage" already defined
BackupQueueIndex.html:123:1 (BackupQueueIndex.Rd:75): Warning: <h5> anchor "Usage" already defined
BackupQueueIndex.html:139:1 (BackupQueueIndex.Rd:85): Warning: <h5> anchor "Usage" already defined
BackupQueueIndex.html:164:1 (BackupQueueIndex.Rd:100): Warning: <h5> anchor "Usage" already defined
BackupQueueIndex.html:181:1 (BackupQueueIndex.Rd:111): Warning: <h5> anchor "Usage" already defined
Cache.html:249:1 (Cache.Rd:194): Warning: <h5> anchor "Usage" already defined
Cache.html:255:1 (Cache.Rd:198): Warning: <h5> anchor "Arguments" already defined
Cache.html:289:1 (Cache.Rd:218): Warning: <h5> anchor "Usage" already defined
Cache.html:295:1 (Cache.Rd:222): Warning: <h5> anchor "Arguments" already defined
Cache.html:318:1 (Cache.Rd:235): Warning: <h5> anchor "Usage" already defined
Cache.html:324:1 (Cache.Rd:239): Warning: <h5> anchor "Arguments" already defined
Cache.html:347:1 (Cache.Rd:252): Warning: <h5> anchor "Usage" already defined
Cache.html:353:1 (Cache.Rd:256): Warning: <h5> anchor "Arguments" already defined
Cache.html:388:1 (Cache.Rd:281): Warning: <h5> anchor "Usage" already defined
Cache.html:399:1 (Cache.Rd:290): Warning: <h5> anchor "Arguments" already defined
Cache.html:424:1 (Cache.Rd:305): Warning: <h5> anchor "Usage" already defined
Cache.html:440:1 (Cache.Rd:315): Warning: <h5> anchor "Usage" already defined
Cache.html:454:1 (Cache.Rd:324): Warning: <h5> anchor "Usage" already defined
Cache.html:468:1 (Cache.Rd:333): Warning: <h5> anchor "Usage" already defined
Cache.html:482:1 (Cache.Rd:342): Warning: <h5> anchor "Usage" already defined
Cache.html:496:1 (Cache.Rd:351): Warning: <h5> anchor "Usage" already defined
Cache.html:510:1 (Cache.Rd:360): Warning: <h5> anchor "Usage" already defined
Cache.html:524:1 (Cache.Rd:369): Warning: <h5> anchor "Usage" already defined
DirectoryQueue.html:94:1 (DirectoryQueue.Rd:54): Warning: <h5> anchor "Usage" already defined
DirectoryQueue.html:108:1 (DirectoryQueue.Rd:63): Warning: <h5> anchor "Usage" already defined
DirectoryQueue.html:122:1 (DirectoryQueue.Rd:72): Warning: <h5> anchor "Usage" already defined
Flavors: r-devel-linux-x86_64-debian-clang, r-devel-linux-x86_64-debian-gcc