Last updated on 2025-10-24 18:50:06 CEST.
| Flavor | Version | Tinstall | Tcheck | Ttotal | Status | Flags |
|---|---|---|---|---|---|---|
| r-devel-linux-x86_64-debian-clang | 0.0.5 | 1.73 | 22.62 | 24.35 | OK | |
| r-devel-linux-x86_64-debian-gcc | 0.0.5 | 1.44 | 18.38 | 19.82 | OK | |
| r-devel-linux-x86_64-fedora-clang | 0.0.5 | 37.16 | OK | |||
| r-devel-linux-x86_64-fedora-gcc | 0.0.5 | 59.57 | OK | |||
| r-devel-windows-x86_64 | 0.0.5 | 3.00 | 43.00 | 46.00 | OK | |
| r-patched-linux-x86_64 | 0.0.5 | 1.82 | 21.50 | 23.32 | OK | |
| r-release-linux-x86_64 | 0.0.5 | 1.64 | 21.49 | 23.13 | OK | |
| r-release-macos-arm64 | 0.0.5 | 1.00 | 37.00 | 38.00 | OK | |
| r-release-macos-x86_64 | 0.0.5 | 2.00 | 67.00 | 69.00 | OK | |
| r-release-windows-x86_64 | 0.0.5 | 3.00 | 43.00 | 46.00 | OK | |
| r-oldrel-macos-arm64 | 0.0.5 | 1.00 | 23.00 | 24.00 | NOTE | |
| r-oldrel-macos-x86_64 | 0.0.5 | 2.00 | 39.00 | 41.00 | NOTE | |
| r-oldrel-windows-x86_64 | 0.0.5 | 3.00 | 50.00 | 53.00 | NOTE |
Version: 0.0.5
Check: LazyData
Result: NOTE
'LazyData' is specified without a 'data' directory
Flavors: r-oldrel-macos-arm64, r-oldrel-macos-x86_64, r-oldrel-windows-x86_64