Last updated on 2025-10-22 05:51:25 CEST.
Flavor | Version | Tinstall | Tcheck | Ttotal | Status | Flags |
---|---|---|---|---|---|---|
r-devel-linux-x86_64-debian-clang | 0.9.0 | 6.73 | 63.24 | 69.97 | NOTE | |
r-devel-linux-x86_64-debian-gcc | 0.9.0 | 4.88 | 45.46 | 50.34 | NOTE | |
r-devel-linux-x86_64-fedora-clang | 0.9.0 | 17.00 | 91.73 | 108.73 | OK | |
r-devel-linux-x86_64-fedora-gcc | 0.9.0 | 17.00 | 96.64 | 113.64 | OK | |
r-devel-windows-x86_64 | 0.9.0 | 8.00 | 83.00 | 91.00 | OK | |
r-patched-linux-x86_64 | 0.9.0 | 7.66 | 59.73 | 67.39 | OK | |
r-release-linux-x86_64 | 0.9.0 | 6.29 | 59.05 | 65.34 | OK | |
r-release-macos-arm64 | 0.9.0 | 3.00 | 35.00 | 38.00 | OK | |
r-release-macos-x86_64 | 0.9.0 | 6.00 | 68.00 | 74.00 | OK | |
r-release-windows-x86_64 | 0.9.0 | 9.00 | 84.00 | 93.00 | OK | |
r-oldrel-macos-arm64 | 0.9.0 | 3.00 | 43.00 | 46.00 | OK | |
r-oldrel-macos-x86_64 | 0.9.0 | 6.00 | 74.00 | 80.00 | OK | |
r-oldrel-windows-x86_64 | 0.9.0 | 11.00 | 98.00 | 109.00 | OK |
Version: 0.9.0
Check: HTML version of manual
Result: NOTE
Found the following HTML validation problems:
set_api_key.html:47:1 (set_api_key.Rd:10): Warning: missing </ul> before </div>
Flavors: r-devel-linux-x86_64-debian-clang, r-devel-linux-x86_64-debian-gcc