Last updated on 2025-10-21 17:50:01 CEST.
Flavor | Version | Tinstall | Tcheck | Ttotal | Status | Flags |
---|---|---|---|---|---|---|
r-devel-linux-x86_64-debian-clang | 0.0.3 | 499.20 | 207.21 | 706.41 | OK | |
r-devel-linux-x86_64-debian-gcc | 0.0.3 | 492.99 | 186.65 | 679.64 | OK | |
r-devel-linux-x86_64-fedora-clang | 0.0.3 | 1560.00 | -401.06 | 1158.94 | OK | |
r-devel-linux-x86_64-fedora-gcc | 0.0.3 | 1560.00 | -82.87 | 1477.13 | OK | |
r-devel-windows-x86_64 | 0.0.3 | 594.00 | 251.00 | 845.00 | OK | |
r-patched-linux-x86_64 | 0.0.3 | 628.62 | 255.49 | 884.11 | OK | |
r-release-linux-x86_64 | 0.0.3 | 620.95 | 250.87 | 871.82 | OK | |
r-release-macos-arm64 | 0.0.3 | 203.00 | 70.00 | 273.00 | OK | |
r-release-macos-x86_64 | 0.0.3 | 332.00 | 202.00 | 534.00 | OK | |
r-release-windows-x86_64 | 0.0.3 | 585.00 | 241.00 | 826.00 | OK | |
r-oldrel-macos-arm64 | 0.0.3 | 108.00 | 45.00 | 153.00 | NOTE | |
r-oldrel-macos-x86_64 | 0.0.3 | 74.00 | 76.00 | 150.00 | NOTE | |
r-oldrel-windows-x86_64 | 0.0.3 | 665.00 | 306.00 | 971.00 | NOTE |
Version: 0.0.3
Check: installed package size
Result: NOTE
installed size is 94.7Mb
sub-directories of 1Mb or more:
libs 94.4Mb
Flavors: r-oldrel-macos-arm64, r-oldrel-macos-x86_64
Version: 0.0.3
Check: for GNU extensions in Makefiles
Result: NOTE
GNU make is a SystemRequirements.
Flavors: r-oldrel-macos-arm64, r-oldrel-macos-x86_64, r-oldrel-windows-x86_64