CRAN Package Check Results for Package rtist

Last updated on 2025-10-21 23:51:08 CEST.

Flavor Version Tinstall Tcheck Ttotal Status Flags
r-devel-linux-x86_64-debian-clang 1.0.0 1.65 18.93 20.58 NOTE
r-devel-linux-x86_64-debian-gcc 1.0.0 1.31 15.70 17.01 NOTE
r-devel-linux-x86_64-fedora-clang 1.0.0 28.28 OK
r-devel-linux-x86_64-fedora-gcc 1.0.0 27.65 OK
r-devel-windows-x86_64 1.0.0 3.00 33.00 36.00 OK
r-patched-linux-x86_64 1.0.0 1.63 16.95 18.58 OK
r-release-linux-x86_64 1.0.0 1.60 16.95 18.55 OK
r-release-macos-arm64 1.0.0 1.00 14.00 15.00 OK
r-release-macos-x86_64 1.0.0 1.00 29.00 30.00 OK
r-release-windows-x86_64 1.0.0 4.00 38.00 42.00 OK
r-oldrel-macos-arm64 1.0.0 1.00 12.00 13.00 OK
r-oldrel-macos-x86_64 1.0.0 1.00 20.00 21.00 OK
r-oldrel-windows-x86_64 1.0.0 3.00 35.00 38.00 OK

Check Details

Version: 1.0.0
Check: CRAN incoming feasibility
Result: NOTE Maintainer: ‘Tomas Okal <tomas.okal@gmail.com>’ No Authors@R field in DESCRIPTION. Please add one, modifying Authors@R: person(given = "Tomas", family = "Okal", role = c("aut", "cre"), email = "tomas.okal@gmail.com") as necessary. Flavors: r-devel-linux-x86_64-debian-clang, r-devel-linux-x86_64-debian-gcc