Last updated on 2025-10-21 17:50:01 CEST.
Flavor | Version | Tinstall | Tcheck | Ttotal | Status | Flags |
---|---|---|---|---|---|---|
r-devel-linux-x86_64-debian-clang | 0.5.2 | 6.54 | 49.42 | 55.96 | NOTE | |
r-devel-linux-x86_64-debian-gcc | 0.5.2 | 4.13 | 35.84 | 39.97 | NOTE | |
r-devel-linux-x86_64-fedora-clang | 0.5.2 | 13.00 | 68.91 | 81.91 | OK | |
r-devel-linux-x86_64-fedora-gcc | 0.5.2 | 12.00 | 78.96 | 90.96 | OK | |
r-devel-windows-x86_64 | 0.5.2 | 8.00 | 65.00 | 73.00 | OK | |
r-patched-linux-x86_64 | 0.5.2 | 5.80 | 44.61 | 50.41 | OK | |
r-release-linux-x86_64 | 0.5.2 | 5.06 | 44.80 | 49.86 | OK | |
r-release-macos-arm64 | 0.5.2 | 3.00 | 31.00 | 34.00 | OK | |
r-release-macos-x86_64 | 0.5.2 | 6.00 | 61.00 | 67.00 | OK | |
r-release-windows-x86_64 | 0.5.2 | 10.00 | 66.00 | 76.00 | OK | |
r-oldrel-macos-arm64 | 0.5.2 | 3.00 | 32.00 | 35.00 | OK | |
r-oldrel-macos-x86_64 | 0.5.2 | 5.00 | 58.00 | 63.00 | OK | |
r-oldrel-windows-x86_64 | 0.5.2 | 10.00 | 77.00 | 87.00 | OK |
Version: 0.5.2
Check: HTML version of manual
Result: NOTE
Found the following HTML validation problems:
theme_rtrek.html:70:1 (theme_rtrek.Rd:29): Warning: missing </ul> before </div>
Flavors: r-devel-linux-x86_64-debian-clang, r-devel-linux-x86_64-debian-gcc