Last updated on 2025-10-24 18:50:07 CEST.
| Flavor | Version | Tinstall | Tcheck | Ttotal | Status | Flags |
|---|---|---|---|---|---|---|
| r-devel-linux-x86_64-debian-clang | 0.4.1 | 5.15 | 63.95 | 69.10 | NOTE | |
| r-devel-linux-x86_64-debian-gcc | 0.4.1 | 3.10 | 46.18 | 49.28 | NOTE | |
| r-devel-linux-x86_64-fedora-clang | 0.4.1 | 99.39 | NOTE | |||
| r-devel-linux-x86_64-fedora-gcc | 0.4.1 | 13.00 | 99.21 | 112.21 | NOTE | |
| r-devel-windows-x86_64 | 0.4.1 | 5.00 | 76.00 | 81.00 | NOTE | |
| r-patched-linux-x86_64 | 0.4.1 | 5.38 | 62.55 | 67.93 | NOTE | |
| r-release-linux-x86_64 | 0.4.1 | 4.54 | 62.49 | 67.03 | NOTE | |
| r-release-macos-arm64 | 0.4.1 | 2.00 | 33.00 | 35.00 | NOTE | |
| r-release-macos-x86_64 | 0.4.1 | 4.00 | 64.00 | 68.00 | NOTE | |
| r-release-windows-x86_64 | 0.4.1 | 7.00 | 79.00 | 86.00 | NOTE | |
| r-oldrel-macos-arm64 | 0.4.1 | 2.00 | 31.00 | 33.00 | NOTE | |
| r-oldrel-macos-x86_64 | 0.4.1 | 3.00 | 48.00 | 51.00 | NOTE | |
| r-oldrel-windows-x86_64 | 0.4.1 | 8.00 | 93.00 | 101.00 | NOTE |
Version: 0.4.1
Check: CRAN incoming feasibility
Result: NOTE
Maintainer: ‘Navarro Fabien <fnavarro@math.cnrs.fr>’
No Authors@R field in DESCRIPTION.
Please add one, modifying
Authors@R: c(person(given = "F.",
family = "Navarro",
role = "aut"),
person(given = "C.",
family = "Chesneau",
role = "aut"),
person(given = "Navarro",
family = "Fabien",
role = "cre",
email = "fnavarro@math.cnrs.fr"))
as necessary.
Flavors: r-devel-linux-x86_64-debian-clang, r-devel-linux-x86_64-debian-gcc
Version: 0.4.1
Check: Rd files
Result: NOTE
checkRd: (-1) HardThresh.Rd:15: Lost braces; missing escapes or markup?
15 | \code{x} filtered result (y 1_{|y|>t}).
| ^
checkRd: (-1) SoftThresh.Rd:15: Lost braces; missing escapes or markup?
15 | \code{x} filtered result (y 1_{|y|>t}).
| ^
Flavors: r-devel-linux-x86_64-debian-clang, r-devel-linux-x86_64-debian-gcc, r-devel-linux-x86_64-fedora-clang, r-devel-linux-x86_64-fedora-gcc, r-devel-windows-x86_64, r-patched-linux-x86_64, r-release-linux-x86_64, r-release-macos-arm64, r-release-macos-x86_64, r-release-windows-x86_64, r-oldrel-macos-arm64, r-oldrel-macos-x86_64, r-oldrel-windows-x86_64