Last updated on 2025-10-25 06:49:53 CEST.
| Flavor | Version | Tinstall | Tcheck | Ttotal | Status | Flags |
|---|---|---|---|---|---|---|
| r-devel-linux-x86_64-debian-clang | 0.2.14 | 81.85 | 29.71 | 111.56 | NOTE | |
| r-devel-linux-x86_64-debian-gcc | 0.2.14 | 59.86 | 23.96 | 83.82 | NOTE | |
| r-devel-linux-x86_64-fedora-clang | 0.2.14 | 213.00 | 22.38 | 235.38 | OK | |
| r-devel-linux-x86_64-fedora-gcc | 0.2.14 | 365.00 | -145.97 | 219.03 | NOTE | |
| r-devel-windows-x86_64 | 0.2.14 | 96.00 | 73.00 | 169.00 | OK | |
| r-patched-linux-x86_64 | 0.2.14 | 82.32 | 27.35 | 109.67 | OK | |
| r-release-linux-x86_64 | 0.2.14 | 82.49 | 27.45 | 109.94 | OK | |
| r-release-macos-arm64 | 0.2.14 | 33.00 | 20.00 | 53.00 | OK | |
| r-release-macos-x86_64 | 0.2.14 | 38.00 | 39.00 | 77.00 | OK | |
| r-release-windows-x86_64 | 0.2.14 | 99.00 | 76.00 | 175.00 | OK | |
| r-oldrel-macos-arm64 | 0.2.14 | 38.00 | 31.00 | 69.00 | NOTE | |
| r-oldrel-macos-x86_64 | 0.2.14 | 31.00 | 46.00 | 77.00 | NOTE | |
| r-oldrel-windows-x86_64 | 0.2.14 | 103.00 | 85.00 | 188.00 | OK |
Version: 0.2.14
Check: Rd files
Result: NOTE
checkRd: (-1) rxylib-package.Rd:31-53: Only 7 columns allowed in this table (row 23 has 3)
Flavors: r-devel-linux-x86_64-debian-clang, r-devel-linux-x86_64-debian-gcc, r-devel-linux-x86_64-fedora-gcc
Version: 0.2.14
Check: installed package size
Result: NOTE
installed size is 8.9Mb
sub-directories of 1Mb or more:
libs 8.5Mb
Flavors: r-oldrel-macos-arm64, r-oldrel-macos-x86_64