Last updated on 2025-10-21 17:50:01 CEST.
Flavor | Version | Tinstall | Tcheck | Ttotal | Status | Flags |
---|---|---|---|---|---|---|
r-devel-linux-x86_64-debian-clang | 0.9.15 | 4.54 | 20.94 | 25.48 | NOTE | |
r-devel-linux-x86_64-debian-gcc | 0.9.15 | 3.70 | 17.64 | 21.34 | NOTE | |
r-devel-linux-x86_64-fedora-clang | 0.9.15 | 11.00 | 28.81 | 39.81 | OK | |
r-devel-linux-x86_64-fedora-gcc | 0.9.15 | 13.00 | 24.99 | 37.99 | OK | |
r-devel-windows-x86_64 | 0.9.15 | 8.00 | 62.00 | 70.00 | OK | |
r-patched-linux-x86_64 | 0.9.15 | 4.70 | 19.86 | 24.56 | OK | |
r-release-linux-x86_64 | 0.9.15 | 4.40 | 19.79 | 24.19 | OK | |
r-release-macos-arm64 | 0.9.15 | 7.00 | 16.00 | 23.00 | OK | |
r-release-macos-x86_64 | 0.9.15 | 12.00 | 24.00 | 36.00 | OK | |
r-release-windows-x86_64 | 0.9.15 | 9.00 | 67.00 | 76.00 | OK | |
r-oldrel-macos-arm64 | 0.9.15 | 5.00 | 18.00 | 23.00 | NOTE | |
r-oldrel-macos-x86_64 | 0.9.15 | 11.00 | 32.00 | 43.00 | NOTE | |
r-oldrel-windows-x86_64 | 0.9.15 | 15.00 | 65.00 | 80.00 | OK |
Version: 0.9.15
Check: HTML version of manual
Result: NOTE
Found the following HTML validation problems:
receive.multipart.html:46:1 (receive.multipart.Rd:8): Warning: missing </ul> before </div>
send.multipart.html:52:1 (send.multipart.Rd:11): Warning: missing </ul> before </div>
Flavors: r-devel-linux-x86_64-debian-clang, r-devel-linux-x86_64-debian-gcc
Version: 0.9.15
Check: installed package size
Result: NOTE
installed size is 11.2Mb
sub-directories of 1Mb or more:
libs 11.1Mb
Flavors: r-oldrel-macos-arm64, r-oldrel-macos-x86_64