Last updated on 2025-10-21 17:50:01 CEST.
Flavor | Version | Tinstall | Tcheck | Ttotal | Status | Flags |
---|---|---|---|---|---|---|
r-devel-linux-x86_64-debian-clang | 1.2.3 | 16.66 | 105.63 | 122.29 | NOTE | |
r-devel-linux-x86_64-debian-gcc | 1.2.3 | 11.40 | 73.67 | 85.07 | NOTE | |
r-devel-linux-x86_64-fedora-clang | 1.2.3 | 77.00 | 122.10 | 199.10 | OK | |
r-devel-linux-x86_64-fedora-gcc | 1.2.3 | 40.00 | 144.78 | 184.78 | OK | |
r-devel-windows-x86_64 | 1.2.3 | 19.00 | 99.00 | 118.00 | OK | |
r-patched-linux-x86_64 | 1.2.3 | 15.48 | 97.22 | 112.70 | OK | |
r-release-linux-x86_64 | 1.2.3 | 15.66 | 98.03 | 113.69 | OK | |
r-release-macos-arm64 | 1.2.3 | 7.00 | 40.00 | 47.00 | OK | |
r-release-macos-x86_64 | 1.2.3 | 13.00 | 58.00 | 71.00 | OK | |
r-release-windows-x86_64 | 1.2.3 | 19.00 | 102.00 | 121.00 | OK | |
r-oldrel-macos-arm64 | 1.2.3 | 7.00 | 47.00 | 54.00 | NOTE | |
r-oldrel-macos-x86_64 | 1.2.3 | 15.00 | 82.00 | 97.00 | NOTE | |
r-oldrel-windows-x86_64 | 1.2.3 | 27.00 | 129.00 | 156.00 | OK |
Version: 1.2.3
Check: HTML version of manual
Result: NOTE
Found the following HTML validation problems:
run_app.html:81:1 (run_app.Rd:37): Warning: missing </ul> before </div>
Flavors: r-devel-linux-x86_64-debian-clang, r-devel-linux-x86_64-debian-gcc
Version: 1.2.3
Check: package dependencies
Result: NOTE
Package suggested but not available for checking: ‘INLA’
Flavors: r-oldrel-macos-arm64, r-oldrel-macos-x86_64