Last updated on 2025-10-24 18:50:07 CEST.
| Flavor | Version | Tinstall | Tcheck | Ttotal | Status | Flags |
|---|---|---|---|---|---|---|
| r-devel-linux-x86_64-debian-clang | 0.1.1 | 2.07 | 28.21 | 30.28 | NOTE | |
| r-devel-linux-x86_64-debian-gcc | 0.1.1 | 1.46 | 22.54 | 24.00 | NOTE | |
| r-devel-linux-x86_64-fedora-clang | 0.1.1 | 46.93 | OK | |||
| r-devel-linux-x86_64-fedora-gcc | 0.1.1 | 58.34 | OK | |||
| r-devel-windows-x86_64 | 0.1.1 | 4.00 | 47.00 | 51.00 | OK | |
| r-patched-linux-x86_64 | 0.1.1 | 2.01 | 26.71 | 28.72 | OK | |
| r-release-linux-x86_64 | 0.1.1 | 2.02 | 26.73 | 28.75 | OK | |
| r-release-macos-arm64 | 0.1.1 | 1.00 | 29.00 | 30.00 | OK | |
| r-release-macos-x86_64 | 0.1.1 | 2.00 | 44.00 | 46.00 | OK | |
| r-release-windows-x86_64 | 0.1.1 | 4.00 | 48.00 | 52.00 | OK | |
| r-oldrel-macos-arm64 | 0.1.1 | 1.00 | 23.00 | 24.00 | OK | |
| r-oldrel-macos-x86_64 | 0.1.1 | 2.00 | 33.00 | 35.00 | OK | |
| r-oldrel-windows-x86_64 | 0.1.1 | 5.00 | 54.00 | 59.00 | OK |
Version: 0.1.1
Check: CRAN incoming feasibility
Result: NOTE
Maintainer: ‘Rizqina Rahmati <221810583@stis.ac.id>’
No Authors@R field in DESCRIPTION.
Please add one, modifying
Authors@R: c(person(given = "Rizqina",
family = "Rahmati",
role = c("aut", "cre"),
email = "221810583@stis.ac.id"),
person(given = "Azka",
family = "Ubaidillah",
role = "aut"))
as necessary.
Flavors: r-devel-linux-x86_64-debian-clang, r-devel-linux-x86_64-debian-gcc