Last updated on 2025-10-24 11:50:57 CEST.
| Flavor | Version | Tinstall | Tcheck | Ttotal | Status | Flags |
|---|---|---|---|---|---|---|
| r-devel-linux-x86_64-debian-clang | 0.2.4 | 5.54 | 47.18 | 52.72 | NOTE | |
| r-devel-linux-x86_64-debian-gcc | 0.2.4 | 3.48 | 33.74 | 37.22 | NOTE | |
| r-devel-linux-x86_64-fedora-clang | 0.2.4 | 13.00 | 62.09 | 75.09 | OK | |
| r-devel-linux-x86_64-fedora-gcc | 0.2.4 | 10.00 | 60.57 | 70.57 | OK | |
| r-devel-windows-x86_64 | 0.2.4 | 6.00 | 58.00 | 64.00 | OK | |
| r-patched-linux-x86_64 | 0.2.4 | 4.57 | 41.59 | 46.16 | OK | |
| r-release-linux-x86_64 | 0.2.4 | 4.46 | 41.02 | 45.48 | OK | |
| r-release-macos-arm64 | 0.2.4 | 3.00 | 24.00 | 27.00 | OK | |
| r-release-macos-x86_64 | 0.2.4 | 4.00 | 41.00 | 45.00 | OK | |
| r-release-windows-x86_64 | 0.2.4 | 8.00 | 61.00 | 69.00 | OK | |
| r-oldrel-macos-arm64 | 0.2.4 | 3.00 | 26.00 | 29.00 | OK | |
| r-oldrel-macos-x86_64 | 0.2.4 | 7.00 | 54.00 | 61.00 | OK | |
| r-oldrel-windows-x86_64 | 0.2.4 | 10.00 | 70.00 | 80.00 | OK |
Version: 0.2.4
Check: CRAN incoming feasibility
Result: NOTE
Maintainer: ‘Michael Baldassaro <mbaldassaro@gmail.com>’
No Authors@R field in DESCRIPTION.
Please add one, modifying
Authors@R: person(given = "Michael",
family = "Baldassaro",
role = c("aut", "cre"),
email = "mbaldassaro@gmail.com")
as necessary.
Flavors: r-devel-linux-x86_64-debian-clang, r-devel-linux-x86_64-debian-gcc