Last updated on 2025-10-22 23:50:10 CEST.
Flavor | Version | Tinstall | Tcheck | Ttotal | Status | Flags |
---|---|---|---|---|---|---|
r-devel-linux-x86_64-debian-clang | 0.4.3 | 4.27 | 52.35 | 56.62 | NOTE | |
r-devel-linux-x86_64-debian-gcc | 0.4.3 | 3.20 | 33.13 | 36.33 | OK | |
r-devel-linux-x86_64-fedora-clang | 0.4.3 | 85.78 | OK | |||
r-devel-linux-x86_64-fedora-gcc | 0.4.3 | 84.74 | OK | |||
r-devel-windows-x86_64 | 0.4.3 | 4.00 | 64.00 | 68.00 | OK | |
r-patched-linux-x86_64 | 0.4.3 | 4.34 | 48.83 | 53.17 | OK | |
r-release-linux-x86_64 | 0.4.3 | 3.79 | 49.28 | 53.07 | OK | |
r-release-macos-arm64 | 0.4.3 | 2.00 | 22.00 | 24.00 | OK | |
r-release-macos-x86_64 | 0.4.3 | 3.00 | 44.00 | 47.00 | OK | |
r-release-windows-x86_64 | 0.4.3 | 6.00 | 70.00 | 76.00 | OK | |
r-oldrel-macos-arm64 | 0.4.3 | 2.00 | 20.00 | 22.00 | OK | |
r-oldrel-macos-x86_64 | 0.4.3 | 3.00 | 37.00 | 40.00 | OK | |
r-oldrel-windows-x86_64 | 0.4.3 | 5.00 | 64.00 | 69.00 | OK |
Version: 0.4.3
Check: HTML version of manual
Result: NOTE
Found the following HTML validation problems:
transformedWeights.html:56:1 (transformedWeights.Rd:16): Warning: missing </ul> before </div>
Flavor: r-devel-linux-x86_64-debian-clang