Last updated on 2025-10-21 23:51:09 CEST.
Flavor | Version | Tinstall | Tcheck | Ttotal | Status | Flags |
---|---|---|---|---|---|---|
r-devel-linux-x86_64-debian-clang | 1.4.0 | 10.91 | 104.91 | 115.82 | NOTE | |
r-devel-linux-x86_64-debian-gcc | 1.4.0 | 7.20 | 69.97 | 77.17 | NOTE | |
r-devel-linux-x86_64-fedora-clang | 1.4.0 | 35.00 | 138.82 | 173.82 | OK | |
r-devel-linux-x86_64-fedora-gcc | 1.4.0 | 25.00 | 141.86 | 166.86 | OK | |
r-devel-windows-x86_64 | 1.4.0 | 12.00 | 121.00 | 133.00 | OK | |
r-patched-linux-x86_64 | 1.4.0 | 11.62 | 98.26 | 109.88 | OK | |
r-release-linux-x86_64 | 1.4.0 | 10.23 | 98.65 | 108.88 | OK | |
r-release-macos-arm64 | 1.4.0 | 4.00 | 43.00 | 47.00 | OK | |
r-release-macos-x86_64 | 1.4.0 | 12.00 | 120.00 | 132.00 | OK | |
r-release-windows-x86_64 | 1.4.0 | 12.00 | 124.00 | 136.00 | OK | |
r-oldrel-macos-arm64 | 1.4.0 | 4.00 | 43.00 | 47.00 | OK | |
r-oldrel-macos-x86_64 | 1.4.0 | 17.00 | 144.00 | 161.00 | OK | |
r-oldrel-windows-x86_64 | 1.4.0 | 17.00 | 154.00 | 171.00 | OK |
Version: 1.4.0
Check: DESCRIPTION meta-information
Result: NOTE
Author field differs from that derived from Authors@R
Author: ‘Hadley Wickham [aut], Thomas Lin Pedersen [cre, aut] (<https://orcid.org/0000-0002-5147-4711>), Dana Seidel [aut], Posit Software, PBC [cph, fnd] (03wc8by49)’
Authors@R: ‘Hadley Wickham [aut], Thomas Lin Pedersen [cre, aut] (ORCID: <https://orcid.org/0000-0002-5147-4711>), Dana Seidel [aut], Posit Software, PBC [cph, fnd] (ROR: <https://ror.org/03wc8by49>)’
Flavors: r-devel-linux-x86_64-debian-clang, r-devel-linux-x86_64-debian-gcc
Version: 1.4.0
Check: HTML version of manual
Result: NOTE
Found the following HTML validation problems:
comma.html:204:1 (comma.Rd:122): Warning: missing </ul> before </div>
date_breaks.html:50:1 (date_breaks.Rd:12): Warning: missing </ul> before </div>
date_format.html:67:1 (date_format.Rd:25): Warning: missing </ul> before </div>
demo_continuous.html:57:1 (demo_continuous.Rd:25): Warning: missing </ul> before </div>
dollar_format.html:130:1 (dollar_format.Rd:77): Warning: missing </ul> before </div>
expand_range.html:58:1 (expand_range.Rd:16): Warning: missing </ul> before </div>
format_format.html:49:1 (format_format.Rd:10): Warning: missing </ul> before </div>
fullseq.html:54:1 (fullseq.Rd:14): Warning: missing </ul> before </div>
number_bytes_format.html:58:1 (number_bytes_format.Rd:18): Warning: missing </ul> before </div>
ordinal_format.html:66:1 (ordinal_format.Rd:22): Warning: missing </ul> before </div>
pal_area.html:55:1 (pal_area.Rd:19): Warning: missing </ul> before </div>
pal_gradient_n.html:60:1 (pal_gradient_n.Rd:21): Warning: missing </ul> before </div>
pal_manual.html:53:1 (pal_manual.Rd:16): Warning: missing </ul> before </div>
pal_rescale.html:50:1 (pal_rescale.Rd:14): Warning: missing </ul> before </div>
pal_shape.html:48:1 (pal_shape.Rd:13): Warning: missing </ul> before </div>
parse_format.html:57:1 (parse_format.Rd:17): Warning: missing </ul> before </div>
percent_format.html:112:1 (percent_format.Rd:60): Warning: missing </ul> before </div>
pretty_breaks.html:54:1 (pretty_breaks.Rd:13): Warning: missing </ul> before </div>
pvalue_format.html:77:1 (pvalue_format.Rd:33): Warning: missing </ul> before </div>
scientific_format.html:93:1 (scientific_format.Rd:45): Warning: missing </ul> before </div>
train_continuous.html:54:1 (train_continuous.Rd:14): Warning: missing </ul> before </div>
train_discrete.html:73:1 (train_discrete.Rd:27): Warning: missing </ul> before </div>
trim_to_domain.html:53:1 (trim_to_domain.Rd:16): Warning: missing </ul> before </div>
wrap_format.html:49:1 (wrap_format.Rd:10): Warning: missing </ul> before </div>
Flavors: r-devel-linux-x86_64-debian-clang, r-devel-linux-x86_64-debian-gcc