Last updated on 2025-10-22 05:51:26 CEST.
Flavor | Version | Tinstall | Tcheck | Ttotal | Status | Flags |
---|---|---|---|---|---|---|
r-devel-linux-x86_64-debian-clang | 0.7.3 | 7.79 | 140.67 | 148.46 | NOTE | |
r-devel-linux-x86_64-debian-gcc | 0.7.3 | 4.49 | 95.14 | 99.63 | NOTE | |
r-devel-linux-x86_64-fedora-clang | 0.7.3 | 15.00 | 209.79 | 224.79 | OK | |
r-devel-linux-x86_64-fedora-gcc | 0.7.3 | 19.00 | 217.24 | 236.24 | OK | |
r-devel-windows-x86_64 | 0.7.3 | 9.00 | 144.00 | 153.00 | OK | |
r-patched-linux-x86_64 | 0.7.3 | 9.64 | 132.73 | 142.37 | NOTE | |
r-release-linux-x86_64 | 0.7.3 | 7.29 | 135.18 | 142.47 | NOTE | |
r-release-macos-arm64 | 0.7.3 | 3.00 | 58.00 | 61.00 | OK | |
r-release-macos-x86_64 | 0.7.3 | 10.00 | 127.00 | 137.00 | OK | |
r-release-windows-x86_64 | 0.7.3 | 10.00 | 147.00 | 157.00 | OK | |
r-oldrel-macos-arm64 | 0.7.3 | 4.00 | 62.00 | 66.00 | OK | |
r-oldrel-macos-x86_64 | 0.7.3 | 6.00 | 92.00 | 98.00 | OK | |
r-oldrel-windows-x86_64 | 0.7.3 | 12.00 | 191.00 | 203.00 | OK |
Version: 0.7.3
Check: for unstated dependencies in ‘demo’
Result: NOTE
'library' or 'require' calls not declared from:
‘doSNOW’ ‘foreach’ ‘iterators’ ‘reshape’ ‘rlecuyer’ ‘snow’
Flavors: r-devel-linux-x86_64-debian-clang, r-devel-linux-x86_64-debian-gcc, r-patched-linux-x86_64, r-release-linux-x86_64
Version: 0.7.3
Check: HTML version of manual
Result: NOTE
Found the following HTML validation problems:
session_by_treatment.html:56:1 (session_by_treatment.Rd:15): Warning: missing </ul> before </div>
Flavors: r-devel-linux-x86_64-debian-clang, r-devel-linux-x86_64-debian-gcc