Last updated on 2025-10-21 17:50:01 CEST.
Flavor | Version | Tinstall | Tcheck | Ttotal | Status | Flags |
---|---|---|---|---|---|---|
r-devel-linux-x86_64-debian-clang | 1.0.0 | 2.02 | 21.53 | 23.55 | NOTE | |
r-devel-linux-x86_64-debian-gcc | 1.0.0 | 1.56 | 17.58 | 19.14 | NOTE | |
r-devel-linux-x86_64-fedora-clang | 1.0.0 | 31.98 | OK | |||
r-devel-linux-x86_64-fedora-gcc | 1.0.0 | 30.94 | OK | |||
r-devel-windows-x86_64 | 1.0.0 | 3.00 | 37.00 | 40.00 | OK | |
r-patched-linux-x86_64 | 1.0.0 | 2.17 | 19.21 | 21.38 | OK | |
r-release-linux-x86_64 | 1.0.0 | 1.76 | 18.68 | 20.44 | OK | |
r-release-macos-arm64 | 1.0.0 | 1.00 | 15.00 | 16.00 | OK | |
r-release-macos-x86_64 | 1.0.0 | 2.00 | 21.00 | 23.00 | OK | |
r-release-windows-x86_64 | 1.0.0 | 3.00 | 41.00 | 44.00 | OK | |
r-oldrel-macos-arm64 | 1.0.0 | 1.00 | 13.00 | 14.00 | OK | |
r-oldrel-macos-x86_64 | 1.0.0 | 2.00 | 18.00 | 20.00 | OK | |
r-oldrel-windows-x86_64 | 1.0.0 | 3.00 | 38.00 | 41.00 | OK |
Version: 1.0.0
Check: CRAN incoming feasibility
Result: NOTE
Maintainer: ‘Nathan Taback <nathan.taback@utoronto.ca>’
No Authors@R field in DESCRIPTION.
Please add one, modifying
Authors@R: person(given = "Nathan",
family = "Taback",
role = c("aut", "cre"),
email = "nathan.taback@utoronto.ca")
as necessary.
Flavors: r-devel-linux-x86_64-debian-clang, r-devel-linux-x86_64-debian-gcc