Last updated on 2025-10-22 11:51:24 CEST.
Flavor | Version | Tinstall | Tcheck | Ttotal | Status | Flags |
---|---|---|---|---|---|---|
r-devel-linux-x86_64-debian-clang | 0.1.4 | 182.11 | 263.01 | 445.12 | OK | |
r-devel-linux-x86_64-debian-gcc | 0.1.4 | 135.17 | 185.27 | 320.44 | OK | |
r-devel-linux-x86_64-fedora-clang | 0.1.4 | 218.00 | 549.50 | 767.50 | OK | |
r-devel-linux-x86_64-fedora-gcc | 0.1.4 | 259.00 | 546.03 | 805.03 | OK | |
r-devel-windows-x86_64 | 0.1.4 | 289.00 | 283.00 | 572.00 | OK | |
r-patched-linux-x86_64 | 0.1.4 | 195.08 | 257.24 | 452.32 | OK | |
r-release-linux-x86_64 | 0.1.4 | 196.42 | 256.78 | 453.20 | OK | |
r-release-macos-arm64 | 0.1.4 | 74.00 | 117.00 | 191.00 | OK | |
r-release-macos-x86_64 | 0.1.4 | 101.00 | 270.00 | 371.00 | OK | |
r-release-windows-x86_64 | 0.1.4 | 294.00 | 285.00 | 579.00 | OK | |
r-oldrel-macos-arm64 | 0.1.4 | 70.00 | 125.00 | 195.00 | NOTE | |
r-oldrel-macos-x86_64 | 0.1.4 | 105.00 | 281.00 | 386.00 | NOTE | |
r-oldrel-windows-x86_64 | 0.1.4 | 348.00 | 356.00 | 704.00 | NOTE |
Version: 0.1.4
Check: installed package size
Result: NOTE
installed size is 32.7Mb
sub-directories of 1Mb or more:
cppad 9.4Mb
include 4.6Mb
libs 18.1Mb
Flavors: r-oldrel-macos-arm64, r-oldrel-macos-x86_64, r-oldrel-windows-x86_64