Last updated on 2025-10-22 11:51:24 CEST.
Flavor | Version | Tinstall | Tcheck | Ttotal | Status | Flags |
---|---|---|---|---|---|---|
r-devel-linux-x86_64-debian-clang | 1.1.3 | 47.17 | 233.36 | 280.53 | NOTE | |
r-devel-linux-x86_64-debian-gcc | 1.1.3 | 30.32 | 144.54 | 174.86 | NOTE | |
r-devel-linux-x86_64-fedora-clang | 1.1.3 | 92.00 | 362.31 | 454.31 | OK | |
r-devel-linux-x86_64-fedora-gcc | 1.1.3 | 107.00 | 359.38 | 466.38 | OK | |
r-devel-windows-x86_64 | 1.1.3 | 54.00 | 285.00 | 339.00 | OK | |
r-patched-linux-x86_64 | 1.1.3 | 49.26 | 222.38 | 271.64 | OK | |
r-release-linux-x86_64 | 1.1.3 | 47.85 | 219.84 | 267.69 | OK | |
r-release-macos-arm64 | 1.1.3 | 19.00 | 116.00 | 135.00 | OK | |
r-release-macos-x86_64 | 1.1.3 | 29.00 | 209.00 | 238.00 | OK | |
r-release-windows-x86_64 | 1.1.3 | 55.00 | 284.00 | 339.00 | OK | |
r-oldrel-macos-arm64 | 1.1.3 | 18.00 | 113.00 | 131.00 | NOTE | |
r-oldrel-macos-x86_64 | 1.1.3 | 32.00 | 223.00 | 255.00 | NOTE | |
r-oldrel-windows-x86_64 | 1.1.3 | 66.00 | 359.00 | 425.00 | OK |
Version: 1.1.3
Check: HTML version of manual
Result: NOTE
Found the following HTML validation problems:
print.casestudy.html:51:1 (print.casestudy.Rd:12): Warning: missing </ul> before </div>
print.mcstudy.html:51:1 (print.mcstudy.Rd:12): Warning: missing </ul> before </div>
summary.casestudy.html:51:1 (summary.casestudy.Rd:12): Warning: missing </ul> before </div>
summary.mcstudy.html:51:1 (summary.mcstudy.Rd:12): Warning: missing </ul> before </div>
Flavors: r-devel-linux-x86_64-debian-clang, r-devel-linux-x86_64-debian-gcc
Version: 1.1.3
Check: installed package size
Result: NOTE
installed size is 6.1Mb
sub-directories of 1Mb or more:
libs 3.9Mb
Flavors: r-oldrel-macos-arm64, r-oldrel-macos-x86_64