CRAN Package Check Results for Package sealasso

Last updated on 2025-10-21 23:51:09 CEST.

Flavor Version Tinstall Tcheck Ttotal Status Flags
r-devel-linux-x86_64-debian-clang 0.1-3 1.81 23.17 24.98 NOTE
r-devel-linux-x86_64-debian-gcc 0.1-3 1.47 19.70 21.17 NOTE
r-devel-linux-x86_64-fedora-clang 0.1-3 36.65 OK
r-devel-linux-x86_64-fedora-gcc 0.1-3 49.18 OK
r-devel-windows-x86_64 0.1-3 2.00 48.00 50.00 OK
r-patched-linux-x86_64 0.1-3 1.81 22.69 24.50 OK
r-release-linux-x86_64 0.1-3 1.72 22.43 24.15 OK
r-release-macos-arm64 0.1-3 1.00 36.00 37.00 OK
r-release-macos-x86_64 0.1-3 2.00 38.00 40.00 OK
r-release-windows-x86_64 0.1-3 3.00 53.00 56.00 OK
r-oldrel-macos-arm64 0.1-3 1.00 20.00 21.00 OK
r-oldrel-macos-x86_64 0.1-3 1.00 30.00 31.00 OK
r-oldrel-windows-x86_64 0.1-3 3.00 49.00 52.00 OK

Check Details

Version: 0.1-3
Check: CRAN incoming feasibility
Result: NOTE Maintainer: ‘Wei Qian <weiqian@stat.umn.edu>’ No Authors@R field in DESCRIPTION. Please add one, modifying Authors@R: person(given = "Wei", family = "Qian", role = c("aut", "cre"), email = "weiqian@stat.umn.edu") as necessary. Flavors: r-devel-linux-x86_64-debian-clang, r-devel-linux-x86_64-debian-gcc