Last updated on 2025-10-26 11:50:51 CET.
| Flavor | Version | Tinstall | Tcheck | Ttotal | Status | Flags |
|---|---|---|---|---|---|---|
| r-devel-linux-x86_64-debian-clang | 2.10.0 | 63.15 | 353.63 | 416.78 | NOTE | |
| r-devel-linux-x86_64-debian-gcc | 2.10.0 | 39.32 | 226.31 | 265.63 | NOTE | |
| r-devel-linux-x86_64-fedora-clang | 2.10.0 | 143.00 | 522.91 | 665.91 | OK | |
| r-devel-linux-x86_64-fedora-gcc | 2.10.0 | 277.00 | 418.48 | 695.48 | NOTE | |
| r-devel-windows-x86_64 | 2.10.0 | 71.00 | 304.00 | 375.00 | OK | |
| r-patched-linux-x86_64 | 2.10.0 | 66.84 | 343.35 | 410.19 | OK | |
| r-release-linux-x86_64 | 2.10.0 | 68.00 | 338.14 | 406.14 | OK | |
| r-release-macos-arm64 | 2.10.0 | 28.00 | 130.00 | 158.00 | OK | |
| r-release-macos-x86_64 | 2.10.0 | 59.00 | 322.00 | 381.00 | OK | |
| r-release-windows-x86_64 | 2.10.0 | 73.00 | 309.00 | 382.00 | OK | |
| r-oldrel-macos-arm64 | 2.10.0 | 24.00 | 131.00 | 155.00 | OK | |
| r-oldrel-macos-x86_64 | 2.10.0 | 52.00 | 292.00 | 344.00 | OK | |
| r-oldrel-windows-x86_64 | 2.10.0 | 88.00 | 435.00 | 523.00 | OK |
Version: 2.10.0
Check: Rd files
Result: NOTE
checkRd: (-1) costing.Rd:36-43: Only 4 columns allowed in this table (row 1 has 3)
checkRd: (-1) costing.Rd:36-43: Only 4 columns allowed in this table (row 2 has 3)
checkRd: (-1) costing.Rd:36-43: Only 4 columns allowed in this table (row 3 has 3)
checkRd: (-1) costing.Rd:36-43: Only 4 columns allowed in this table (row 4 has 3)
checkRd: (-1) costing.Rd:36-43: Only 4 columns allowed in this table (row 5 has 3)
checkRd: (-1) costing.Rd:36-43: Only 4 columns allowed in this table (row 6 has 3)
checkRd: (-1) secrdesign-internal.Rd:43-55: Only 3 columns allowed in this table (row 1 has 2)
checkRd: (-1) secrdesign-internal.Rd:43-55: Only 3 columns allowed in this table (row 2 has 2)
checkRd: (-1) secrdesign-internal.Rd:43-55: Only 3 columns allowed in this table (row 3 has 2)
checkRd: (-1) secrdesign-internal.Rd:43-55: Only 3 columns allowed in this table (row 4 has 2)
checkRd: (-1) secrdesign-internal.Rd:43-55: Only 3 columns allowed in this table (row 5 has 2)
checkRd: (-1) secrdesign-internal.Rd:43-55: Only 3 columns allowed in this table (row 6 has 2)
checkRd: (-1) secrdesign-internal.Rd:43-55: Only 3 columns allowed in this table (row 7 has 2)
checkRd: (-1) secrdesign-internal.Rd:43-55: Only 3 columns allowed in this table (row 8 has 2)
checkRd: (-1) secrdesign-internal.Rd:43-55: Only 3 columns allowed in this table (row 9 has 2)
checkRd: (-1) secrdesign-internal.Rd:43-55: Only 3 columns allowed in this table (row 10 has 2)
checkRd: (-1) secrdesign-internal.Rd:43-55: Only 3 columns allowed in this table (row 11 has 2)
checkRd: (-1) secrdesign-package.Rd:53-63: Only 2 columns allowed in this table (row 9 has 1)
Flavors: r-devel-linux-x86_64-debian-clang, r-devel-linux-x86_64-debian-gcc, r-devel-linux-x86_64-fedora-gcc