Last updated on 2025-10-22 17:49:51 CEST.
Flavor | Version | Tinstall | Tcheck | Ttotal | Status | Flags |
---|---|---|---|---|---|---|
r-devel-linux-x86_64-debian-clang | 1.4.3 | 72.14 | 670.73 | 742.87 | NOTE | |
r-devel-linux-x86_64-debian-gcc | 1.4.3 | 52.84 | 299.74 | 352.58 | NOTE | |
r-devel-linux-x86_64-fedora-clang | 1.4.3 | 130.00 | 723.80 | 853.80 | OK | |
r-devel-linux-x86_64-fedora-gcc | 1.4.3 | 124.00 | 759.24 | 883.24 | OK | |
r-devel-windows-x86_64 | 1.4.3 | 101.00 | 570.00 | 671.00 | OK | |
r-patched-linux-x86_64 | 1.4.3 | 73.08 | 444.27 | 517.35 | OK | |
r-release-linux-x86_64 | 1.4.3 | 77.90 | 458.82 | 536.72 | OK | |
r-release-macos-arm64 | 1.4.3 | 32.00 | 219.00 | 251.00 | OK | |
r-release-macos-x86_64 | 1.4.3 | 78.00 | 888.00 | 966.00 | OK | |
r-release-windows-x86_64 | 1.4.3 | 110.00 | 572.00 | 682.00 | OK | |
r-oldrel-macos-arm64 | 1.4.3 | 28.00 | 221.00 | 249.00 | NOTE | |
r-oldrel-macos-x86_64 | 1.4.3 | 83.00 | 1095.00 | 1178.00 | NOTE | |
r-oldrel-windows-x86_64 | 1.4.3 | 103.00 | 854.00 | 957.00 | OK |
Version: 1.4.3
Check: HTML version of manual
Result: NOTE
Found the following HTML validation problems:
print.textmodel_lda.html:51:1 (print.textmodel_lda.Rd:12): Warning: missing </ul> before </div>
Flavors: r-devel-linux-x86_64-debian-clang, r-devel-linux-x86_64-debian-gcc
Version: 1.4.3
Check: installed package size
Result: NOTE
installed size is 11.1Mb
sub-directories of 1Mb or more:
data 2.9Mb
libs 8.0Mb
Flavors: r-oldrel-macos-arm64, r-oldrel-macos-x86_64