Last updated on 2025-10-22 17:49:51 CEST.
Flavor | Version | Tinstall | Tcheck | Ttotal | Status | Flags |
---|---|---|---|---|---|---|
r-devel-linux-x86_64-debian-clang | 0.1.2 | 17.48 | 91.71 | 109.19 | NOTE | |
r-devel-linux-x86_64-debian-gcc | 0.1.2 | 11.17 | 70.92 | 82.09 | NOTE | |
r-devel-linux-x86_64-fedora-clang | 0.1.2 | 108.00 | 86.80 | 194.80 | OK | |
r-devel-linux-x86_64-fedora-gcc | 0.1.2 | 35.00 | 151.47 | 186.47 | OK | |
r-devel-windows-x86_64 | 0.1.2 | 19.00 | 120.00 | 139.00 | OK | |
r-patched-linux-x86_64 | 0.1.2 | 18.42 | 87.91 | 106.33 | OK | |
r-release-linux-x86_64 | 0.1.2 | 17.81 | 88.47 | 106.28 | OK | |
r-release-macos-arm64 | 0.1.2 | 9.00 | 73.00 | 82.00 | OK | |
r-release-macos-x86_64 | 0.1.2 | 10.00 | 114.00 | 124.00 | OK | |
r-release-windows-x86_64 | 0.1.2 | 19.00 | 118.00 | 137.00 | OK | |
r-oldrel-macos-arm64 | 0.1.2 | 8.00 | 46.00 | 54.00 | OK | |
r-oldrel-macos-x86_64 | 0.1.2 | 9.00 | 67.00 | 76.00 | OK | |
r-oldrel-windows-x86_64 | 0.1.2 | 21.00 | 153.00 | 174.00 | OK |
Version: 0.1.2
Check: CRAN incoming feasibility
Result: NOTE
Maintainer: ‘Rainer Machne <raim@tbi.univie.ac.at>’
No Authors@R field in DESCRIPTION.
Please add one, modifying
Authors@R: c(person(given = "Rainer",
family = "Machne",
role = c("aut", "cre"),
email = "raim@tbi.univie.ac.at"),
person(given = c("Douglas", "B."),
family = "Murray",
role = "aut"),
person(given = c("Peter", "F."),
family = "Stadler",
role = "aut"))
as necessary.
Flavors: r-devel-linux-x86_64-debian-clang, r-devel-linux-x86_64-debian-gcc
Version: 0.1.2
Check: HTML version of manual
Result: NOTE
Found the following HTML validation problems:
ash.html:49:1 (ash.Rd:10): Warning: missing </ul> before </div>
backtrace.html:67:1 (backtrace.Rd:21): Warning: missing </ul> before </div>
log_1.html:47:1 (log_1.Rd:10): Warning: missing </ul> before </div>
plot.segments.html:85:1 (plot.segments.Rd:35): Warning: missing </ul> before </div>
plot.timeseries.html:74:1 (plot.timeseries.Rd:28): Warning: missing </ul> before </div>
plotSegmentation.html:80:1 (plotSegmentation.Rd:30): Warning: missing </ul> before </div>
plotdev.html:64:1 (plotdev.Rd:20): Warning: missing </ul> before </div>
print.segments.html:51:1 (print.segments.Rd:12): Warning: missing </ul> before </div>
Flavors: r-devel-linux-x86_64-debian-clang, r-devel-linux-x86_64-debian-gcc