Last updated on 2025-10-21 17:50:01 CEST.
Flavor | Version | Tinstall | Tcheck | Ttotal | Status | Flags |
---|---|---|---|---|---|---|
r-devel-linux-x86_64-debian-clang | 2.1.3 | 19.81 | 91.57 | 111.38 | NOTE | |
r-devel-linux-x86_64-debian-gcc | 2.1.3 | 12.87 | 60.51 | 73.38 | NOTE | |
r-devel-linux-x86_64-fedora-clang | 2.1.3 | 223.00 | -32.66 | 190.34 | OK | |
r-devel-linux-x86_64-fedora-gcc | 2.1.3 | 55.00 | 118.91 | 173.91 | OK | |
r-devel-windows-x86_64 | 2.1.3 | 17.00 | 101.00 | 118.00 | OK | |
r-patched-linux-x86_64 | 2.1.3 | 21.74 | 84.22 | 105.96 | OK | |
r-release-linux-x86_64 | 2.1.3 | 18.48 | 85.45 | 103.93 | OK | |
r-release-macos-arm64 | 2.1.3 | 7.00 | 39.00 | 46.00 | OK | |
r-release-macos-x86_64 | 2.1.3 | 25.00 | 131.00 | 156.00 | OK | |
r-release-windows-x86_64 | 2.1.3 | 17.00 | 104.00 | 121.00 | OK | |
r-oldrel-macos-arm64 | 2.1.3 | 6.00 | 42.00 | 48.00 | OK | |
r-oldrel-macos-x86_64 | 2.1.3 | 24.00 | 78.00 | 102.00 | OK | |
r-oldrel-windows-x86_64 | 2.1.3 | 20.00 | 126.00 | 146.00 | OK |
Version: 2.1.3
Check: HTML version of manual
Result: NOTE
Found the following HTML validation problems:
checkBounded.html:58:1 (checkBounded.Rd:16): Warning: missing </ul> before </div>
checkEllipsis.html:46:1 (checkEllipsis.Rd:10): Warning: missing </ul> before </div>
checkPositive.html:50:1 (checkPositive.Rd:12): Warning: missing </ul> before </div>
checkPositiveDefinite.html:54:1 (checkPositiveDefinite.Rd:14): Warning: missing </ul> before </div>
checkSquare.html:50:1 (checkSquare.Rd:12): Warning: missing </ul> before </div>
checkSymmetricSquare.html:50:1 (checkSymmetricSquare.Rd:12): Warning: missing </ul> before </div>
semPower.showPlot.html:62:1 (semPower.showPlot.Rd:18): Warning: missing </ul> before </div>
summary.semPower.aPriori.html:51:1 (summary.semPower.aPriori.Rd:12): Warning: missing </ul> before </div>
summary.semPower.compromise.html:51:1 (summary.semPower.compromise.Rd:12): Warning: missing </ul> before </div>
summary.semPower.postHoc.html:51:1 (summary.semPower.postHoc.Rd:12): Warning: missing </ul> before </div>
validateInput.html:158:1 (validateInput.Rd:78): Warning: missing </ul> before </div>
Flavors: r-devel-linux-x86_64-debian-clang, r-devel-linux-x86_64-debian-gcc