Last updated on 2025-10-21 23:51:10 CEST.
Flavor | Version | Tinstall | Tcheck | Ttotal | Status | Flags |
---|---|---|---|---|---|---|
r-devel-linux-x86_64-debian-clang | 0.7.1 | 2.76 | 34.84 | 37.60 | NOTE | |
r-devel-linux-x86_64-debian-gcc | 0.7.1 | 2.50 | 26.74 | 29.24 | NOTE | |
r-devel-linux-x86_64-fedora-clang | 0.7.1 | 18.00 | 40.38 | 58.38 | OK | |
r-devel-linux-x86_64-fedora-gcc | 0.7.1 | 52.37 | OK | |||
r-devel-windows-x86_64 | 0.7.1 | 4.00 | 51.00 | 55.00 | OK | |
r-patched-linux-x86_64 | 0.7.1 | 3.32 | 31.55 | 34.87 | OK | |
r-release-linux-x86_64 | 0.7.1 | 3.19 | 32.17 | 35.36 | OK | |
r-release-macos-arm64 | 0.7.1 | 2.00 | 18.00 | 20.00 | OK | |
r-release-macos-x86_64 | 0.7.1 | 3.00 | 34.00 | 37.00 | OK | |
r-release-windows-x86_64 | 0.7.1 | 6.00 | 68.00 | 74.00 | OK | |
r-oldrel-macos-arm64 | 0.7.1 | 2.00 | 23.00 | 25.00 | OK | |
r-oldrel-macos-x86_64 | 0.7.1 | 2.00 | 46.00 | 48.00 | OK | |
r-oldrel-windows-x86_64 | 0.7.1 | 6.00 | 61.00 | 67.00 | OK |
Version: 0.7.1
Check: HTML version of manual
Result: NOTE
Found the following HTML validation problems:
split_input.html:46:1 (split_input.Rd:10): Warning: missing </ul> before </div>
Flavors: r-devel-linux-x86_64-debian-clang, r-devel-linux-x86_64-debian-gcc