Last updated on 2025-10-24 05:50:56 CEST.
| Flavor | Version | Tinstall | Tcheck | Ttotal | Status | Flags |
|---|---|---|---|---|---|---|
| r-devel-linux-x86_64-debian-clang | 0.2.0 | 13.17 | 103.88 | 117.05 | NOTE | |
| r-devel-linux-x86_64-debian-gcc | 0.2.0 | 9.41 | 76.03 | 85.44 | NOTE | |
| r-devel-linux-x86_64-fedora-clang | 0.2.0 | 25.00 | 153.86 | 178.86 | OK | |
| r-devel-linux-x86_64-fedora-gcc | 0.2.0 | 33.00 | 141.51 | 174.51 | OK | |
| r-devel-windows-x86_64 | 0.2.0 | 13.00 | 102.00 | 115.00 | OK | |
| r-patched-linux-x86_64 | 0.2.0 | 11.34 | 98.94 | 110.28 | OK | |
| r-release-linux-x86_64 | 0.2.0 | 12.45 | 98.64 | 111.09 | OK | |
| r-release-macos-arm64 | 0.2.0 | 5.00 | 42.00 | 47.00 | OK | |
| r-release-macos-x86_64 | 0.2.0 | 12.00 | 80.00 | 92.00 | OK | |
| r-release-windows-x86_64 | 0.2.0 | 14.00 | 103.00 | 117.00 | OK | |
| r-oldrel-macos-arm64 | 0.2.0 | 6.00 | 39.00 | 45.00 | OK | |
| r-oldrel-macos-x86_64 | 0.2.0 | 9.00 | 59.00 | 68.00 | OK | |
| r-oldrel-windows-x86_64 | 0.2.0 | 19.00 | 136.00 | 155.00 | OK |
Version: 0.2.0
Check: CRAN incoming feasibility
Result: NOTE
Maintainer: ‘Yiran Zhang <yiz038@health.ucsd.edu>’
No Authors@R field in DESCRIPTION.
Please add one, modifying
Authors@R: person(given = "Yiran",
family = "Zhang",
role = c("aut", "cre"),
email = "yiz038@health.ucsd.edu")
as necessary.
The Description field contains
Zhang, Y. and Xu, R. (2022) <arXiv:2204.10426>.
Please refer to arXiv e-prints via their arXiv DOI <doi:10.48550/arXiv.YYMM.NNNNN>.
Flavors: r-devel-linux-x86_64-debian-clang, r-devel-linux-x86_64-debian-gcc