Last updated on 2025-10-21 17:50:01 CEST.
Flavor | Version | Tinstall | Tcheck | Ttotal | Status | Flags |
---|---|---|---|---|---|---|
r-devel-linux-x86_64-debian-clang | 1.1.0 | 10.77 | 79.24 | 90.01 | NOTE | |
r-devel-linux-x86_64-debian-gcc | 1.1.0 | 7.61 | 59.76 | 67.37 | NOTE | |
r-devel-linux-x86_64-fedora-clang | 1.1.0 | 73.00 | 69.64 | 142.64 | OK | |
r-devel-linux-x86_64-fedora-gcc | 1.1.0 | 28.00 | 98.20 | 126.20 | OK | |
r-devel-windows-x86_64 | 1.1.0 | 12.00 | 83.00 | 95.00 | OK | |
r-patched-linux-x86_64 | 1.1.0 | 10.16 | 72.99 | 83.15 | OK | |
r-release-linux-x86_64 | 1.1.0 | 10.37 | 74.14 | 84.51 | OK | |
r-release-macos-arm64 | 1.1.0 | 5.00 | 41.00 | 46.00 | OK | |
r-release-macos-x86_64 | 1.1.0 | 7.00 | 60.00 | 67.00 | OK | |
r-release-windows-x86_64 | 1.1.0 | 14.00 | 84.00 | 98.00 | OK | |
r-oldrel-macos-arm64 | 1.1.0 | 4.00 | 32.00 | 36.00 | OK | |
r-oldrel-macos-x86_64 | 1.1.0 | 10.00 | 71.00 | 81.00 | OK | |
r-oldrel-windows-x86_64 | 1.1.0 | 16.00 | 105.00 | 121.00 | OK |
Version: 1.1.0
Check: CRAN incoming feasibility
Result: NOTE
Maintainer: ‘Giancarlo Vercellino <giancarlo.vercellino@gmail.com>’
No Authors@R field in DESCRIPTION.
Please add one, modifying
Authors@R: person(given = "Giancarlo",
family = "Vercellino",
role = c("aut", "cre"),
email = "giancarlo.vercellino@gmail.com")
as necessary.
Flavors: r-devel-linux-x86_64-debian-clang, r-devel-linux-x86_64-debian-gcc